File: //home/jysa/access-logs/jysaconstructora.com.jysainmobiliaria.com-ssl_log
198.23.58.167 - - [03/Aug/2026:12:02:10 +0000] "POST /wp-cron.php?doing_wp_cron=1785758530.1114590167999267578125 HTTP/1.1" 200 0 "-" "WordPress/6.7.1; https://jysaconstructora.com"
86.154.61.88 - - [03/Aug/2026:12:02:06 +0000] "POST /xmlrpc.php HTTP/1.1" 200 416 "-" "WordPress.com; https://wordpress.com"
86.154.61.88 - - [03/Aug/2026:12:02:22 +0000] "POST /xmlrpc.php HTTP/1.1" 200 416 "-" "Jetpack by WordPress.com (Jetpack 12.1; WordPress 6.1)"
86.154.61.88 - - [03/Aug/2026:12:02:37 +0000] "POST /xmlrpc.php HTTP/1.1" 200 416 "-" "Jetpack/12.0; WordPress/6.1; http://site59863021.com"
86.154.61.88 - - [03/Aug/2026:12:03:40 +0000] "POST /xmlrpc.php HTTP/1.1" 200 416 "-" "Jetpack by WordPress.com (Jetpack 12.5; WordPress 6.3)"
86.154.61.88 - - [03/Aug/2026:12:03:56 +0000] "POST /xmlrpc.php HTTP/1.1" 200 416 "-" "Jetpack/12.1; WordPress/6.4; http://site53529302.com"
86.154.61.88 - - [03/Aug/2026:12:05:48 +0000] "POST /xmlrpc.php HTTP/1.1" 200 416 "-" "Jetpack by WordPress.com (Jetpack 12.0; WordPress 6.2)"
86.154.61.88 - - [03/Aug/2026:12:06:07 +0000] "POST /xmlrpc.php HTTP/1.1" 200 416 "-" "WordPress.com; https://wordpress.com"
139.135.38.79 - - [03/Aug/2026:12:06:15 +0000] "POST /xmlrpc.php HTTP/1.1" 200 416 "-" "Jetpack by WordPress.com (Jetpack 12.1; WordPress 6.4)"
139.135.38.79 - - [03/Aug/2026:12:06:24 +0000] "POST /xmlrpc.php HTTP/1.1" 200 416 "-" "WordPress.com; https://wordpress.com"
139.135.38.79 - - [03/Aug/2026:12:06:35 +0000] "POST /xmlrpc.php HTTP/1.1" 200 416 "-" "Jetpack/12.5; WordPress/6.2; http://site27773722.com"
139.135.38.79 - - [03/Aug/2026:12:06:45 +0000] "POST /xmlrpc.php HTTP/1.1" 200 416 "-" "Jetpack by WordPress.com (Jetpack 12.5; WordPress 6.4)"
139.135.38.79 - - [03/Aug/2026:12:06:56 +0000] "POST /xmlrpc.php HTTP/1.1" 200 416 "-" "Jetpack by WordPress.com (Jetpack 12.1; WordPress 6.4)"
198.23.58.167 - - [03/Aug/2026:12:07:11 +0000] "POST /wp-cron.php?doing_wp_cron=1785758831.5401759147644042968750 HTTP/1.1" 200 0 "-" "WordPress/6.7.1; https://jysaconstructora.com"
139.135.38.79 - - [03/Aug/2026:12:07:07 +0000] "POST /xmlrpc.php HTTP/1.1" 200 416 "-" "WordPress.com; https://wordpress.com"
139.135.38.79 - - [03/Aug/2026:12:07:17 +0000] "POST /xmlrpc.php HTTP/1.1" 200 416 "-" "Jetpack by WordPress.com (Jetpack 12.1; WordPress 6.3)"
68.168.20.96 - - [03/Aug/2026:12:07:21 +0000] "GET / HTTP/1.1" 200 41165 "-" "Mozilla/5.0 (Windows NT 10.0; Win64; x64; rv:121.0) Gecko/20100101 Firefox/121.0"
139.135.38.79 - - [03/Aug/2026:12:07:27 +0000] "POST /xmlrpc.php HTTP/1.1" 403 416 "-" "WordPress.com; https://wordpress.com"
68.168.20.96 - - [03/Aug/2026:12:07:30 +0000] "POST /?rest_route=/batch/v1 HTTP/1.1" 403 1242 "-" "wp2shell"
86.154.61.88 - - [03/Aug/2026:12:07:46 +0000] "POST /xmlrpc.php HTTP/1.1" 200 416 "-" "Jetpack by WordPress.com (Jetpack 13.0; WordPress 6.2)"
86.154.61.88 - - [03/Aug/2026:12:08:02 +0000] "POST /xmlrpc.php HTTP/1.1" 200 416 "-" "Jetpack by WordPress.com (Jetpack 13.0; WordPress 6.2)"
198.23.58.167 - - [03/Aug/2026:12:08:22 +0000] "POST /wp-cron.php?doing_wp_cron=1785758902.6520309448242187500000 HTTP/1.1" 200 0 "-" "WordPress/6.7.1; https://jysaconstructora.com"
198.23.58.167 - - [03/Aug/2026:12:09:12 +0000] "POST /wp-cron.php?doing_wp_cron=1785758952.7119948863983154296875 HTTP/1.1" 200 0 "-" "WordPress/6.7.1; https://jysaconstructora.com"
86.154.61.88 - - [03/Aug/2026:12:09:08 +0000] "POST /xmlrpc.php HTTP/1.1" 200 416 "-" "WordPress.com; https://wordpress.com"
86.154.61.88 - - [03/Aug/2026:12:10:03 +0000] "POST /xmlrpc.php HTTP/1.1" 200 416 "-" "Jetpack by WordPress.com"
198.23.58.167 - - [03/Aug/2026:12:10:23 +0000] "POST /wp-cron.php?doing_wp_cron=1785759023.1168329715728759765625 HTTP/1.1" 200 0 "-" "WordPress/6.7.1; https://jysaconstructora.com"
86.154.61.88 - - [03/Aug/2026:12:11:09 +0000] "POST /xmlrpc.php HTTP/1.1" 200 416 "-" "Jetpack by WordPress.com"
86.154.61.88 - - [03/Aug/2026:12:11:25 +0000] "POST /xmlrpc.php HTTP/1.1" 200 416 "-" "WordPress.com; https://wordpress.com"
86.154.61.88 - - [03/Aug/2026:12:11:41 +0000] "POST /xmlrpc.php HTTP/1.1" 200 416 "-" "Jetpack by WordPress.com"
86.154.61.88 - - [03/Aug/2026:12:03:09 +0000] "POST /xmlrpc.php HTTP/1.1" 200 416 "-" "WordPress.com; https://wordpress.com"
198.23.58.167 - - [03/Aug/2026:12:03:29 +0000] "POST /wp-cron.php?doing_wp_cron=1785758609.4052429199218750000000 HTTP/1.1" 200 0 "-" "WordPress/6.7.1; https://jysaconstructora.com"
86.154.61.88 - - [03/Aug/2026:12:03:25 +0000] "POST /xmlrpc.php HTTP/1.1" 200 416 "-" "Jetpack by WordPress.com (Jetpack 12.0; WordPress 6.3)"
139.135.38.79 - - [03/Aug/2026:12:04:21 +0000] "POST /xmlrpc.php HTTP/1.1" 200 0 "-" "WordPress.com; https://wordpress.com"
198.23.58.167 - - [03/Aug/2026:12:04:30 +0000] "POST /wp-cron.php?doing_wp_cron=1785758670.7940170764923095703125 HTTP/1.1" 200 0 "-" "WordPress/6.7.1; https://jysaconstructora.com"
86.154.61.88 - - [03/Aug/2026:12:04:26 +0000] "POST /xmlrpc.php HTTP/1.1" 200 416 "-" "Jetpack by WordPress.com"
86.154.61.88 - - [03/Aug/2026:12:04:43 +0000] "POST /xmlrpc.php HTTP/1.1" 200 416 "-" "Jetpack/13.0; WordPress/6.1; http://site70076866.com"
86.154.61.88 - - [03/Aug/2026:12:05:00 +0000] "POST /xmlrpc.php HTTP/1.1" 200 416 "-" "WordPress.com; https://wordpress.com"
86.154.61.88 - - [03/Aug/2026:12:05:32 +0000] "POST /xmlrpc.php HTTP/1.1" 200 416 "-" "Jetpack by WordPress.com (Jetpack 12.0; WordPress 6.2)"
139.135.38.79 - - [03/Aug/2026:12:05:44 +0000] "POST /xmlrpc.php HTTP/1.1" 200 0 "-" "Jetpack by WordPress.com (Jetpack 13.0; WordPress 6.3)"
86.154.61.88 - - [03/Aug/2026:12:06:23 +0000] "POST /xmlrpc.php HTTP/1.1" 200 416 "-" "Jetpack/12.5; WordPress/6.1; http://site66215470.com"
86.154.61.88 - - [03/Aug/2026:12:07:28 +0000] "POST /xmlrpc.php HTTP/1.1" 200 416 "-" "Jetpack by WordPress.com"
86.154.61.88 - - [03/Aug/2026:12:08:18 +0000] "POST /xmlrpc.php HTTP/1.1" 200 416 "-" "Jetpack by WordPress.com (Jetpack 12.0; WordPress 6.3)"
86.154.61.88 - - [03/Aug/2026:12:08:34 +0000] "POST /xmlrpc.php HTTP/1.1" 200 416 "-" "WordPress.com; https://wordpress.com"
86.154.61.88 - - [03/Aug/2026:12:09:44 +0000] "POST /xmlrpc.php HTTP/1.1" 200 416 "-" "Jetpack/12.0; WordPress/6.3; http://site40158978.com"
86.154.61.88 - - [03/Aug/2026:12:10:52 +0000] "POST /xmlrpc.php HTTP/1.1" 200 416 "-" "Jetpack by WordPress.com (Jetpack 13.0; WordPress 6.1)"
198.23.58.167 - - [03/Aug/2026:12:11:13 +0000] "POST /wp-cron.php?doing_wp_cron=1785759073.5924808979034423828125 HTTP/1.1" 200 0 "-" "WordPress/6.7.1; https://jysaconstructora.com"
86.154.61.88 - - [03/Aug/2026:12:11:57 +0000] "POST /xmlrpc.php HTTP/1.1" 200 416 "-" "WordPress.com; https://wordpress.com"
198.23.58.167 - - [03/Aug/2026:12:12:18 +0000] "POST /wp-cron.php?doing_wp_cron=1785759138.6251161098480224609375 HTTP/1.1" 200 0 "-" "WordPress/6.7.1; https://jysaconstructora.com"
198.23.58.167 - - [03/Aug/2026:12:13:08 +0000] "POST /wp-cron.php?doing_wp_cron=1785759188.8100280761718750000000 HTTP/1.1" 200 0 "-" "WordPress/6.7.1; https://jysaconstructora.com"
86.154.61.88 - - [03/Aug/2026:12:13:26 +0000] "POST /xmlrpc.php HTTP/1.1" 200 416 "-" "Jetpack by WordPress.com (Jetpack 12.5; WordPress 6.1)"
86.154.61.88 - - [03/Aug/2026:12:13:42 +0000] "POST /xmlrpc.php HTTP/1.1" 200 416 "-" "Jetpack by WordPress.com (Jetpack 13.0; WordPress 6.2)"
86.154.61.88 - - [03/Aug/2026:12:13:59 +0000] "POST /xmlrpc.php HTTP/1.1" 200 416 "-" "Jetpack by WordPress.com (Jetpack 13.0; WordPress 6.4)"
198.23.58.167 - - [03/Aug/2026:12:14:25 +0000] "POST /wp-cron.php?doing_wp_cron=1785759265.6881380081176757812500 HTTP/1.1" 200 0 "-" "WordPress/6.7.1; https://jysaconstructora.com"
86.154.61.88 - - [03/Aug/2026:12:14:21 +0000] "POST /xmlrpc.php HTTP/1.1" 200 416 "-" "Jetpack by WordPress.com (Jetpack 12.0; WordPress 6.1)"
86.154.61.88 - - [03/Aug/2026:12:14:59 +0000] "POST /xmlrpc.php HTTP/1.1" 200 416 "-" "WordPress.com; https://wordpress.com"
198.23.58.167 - - [03/Aug/2026:12:15:17 +0000] "POST /wp-cron.php?doing_wp_cron=1785759317.4379389286041259765625 HTTP/1.1" 200 0 "-" "WordPress/6.7.1; https://jysaconstructora.com"
139.135.38.79 - - [03/Aug/2026:12:02:20 +0000] "POST /xmlrpc.php HTTP/1.1" 200 416 "-" "Jetpack by WordPress.com (Jetpack 12.0; WordPress 6.2)"
139.135.38.79 - - [03/Aug/2026:12:02:30 +0000] "POST /xmlrpc.php HTTP/1.1" 200 416 "-" "Jetpack by WordPress.com (Jetpack 12.1; WordPress 6.3)"
139.135.38.79 - - [03/Aug/2026:12:02:41 +0000] "POST /xmlrpc.php HTTP/1.1" 200 416 "-" "Jetpack/12.1; WordPress/6.2; http://site54004995.com"
86.154.61.88 - - [03/Aug/2026:12:02:53 +0000] "POST /xmlrpc.php HTTP/1.1" 200 416 "-" "WordPress.com; https://wordpress.com"
139.135.38.79 - - [03/Aug/2026:12:02:52 +0000] "POST /xmlrpc.php HTTP/1.1" 200 416 "-" "Jetpack by WordPress.com"
139.135.38.79 - - [03/Aug/2026:12:04:50 +0000] "POST /xmlrpc.php HTTP/1.1" 200 416 "-" "WordPress.com; https://wordpress.com"
139.135.38.79 - - [03/Aug/2026:12:05:00 +0000] "POST /xmlrpc.php HTTP/1.1" 200 416 "-" "Jetpack by WordPress.com"
198.23.58.167 - - [03/Aug/2026:12:05:20 +0000] "POST /wp-cron.php?doing_wp_cron=1785758719.9689431190490722656250 HTTP/1.1" 200 0 "-" "WordPress/6.7.1; https://jysaconstructora.com"
86.154.61.88 - - [03/Aug/2026:12:05:16 +0000] "POST /xmlrpc.php HTTP/1.1" 200 416 "-" "Jetpack/12.1; WordPress/6.1; http://site25771698.com"
198.23.58.167 - - [03/Aug/2026:12:06:10 +0000] "POST /wp-cron.php?doing_wp_cron=1785758770.8364720344543457031250 HTTP/1.1" 200 0 "-" "WordPress/6.7.1; https://jysaconstructora.com"
86.154.61.88 - - [03/Aug/2026:12:06:40 +0000] "POST /xmlrpc.php HTTP/1.1" 200 416 "-" "Jetpack/12.1; WordPress/6.3; http://site92941035.com"
86.154.61.88 - - [03/Aug/2026:12:06:57 +0000] "POST /xmlrpc.php HTTP/1.1" 200 416 "-" "Jetpack by WordPress.com (Jetpack 13.0; WordPress 6.1)"
86.154.61.88 - - [03/Aug/2026:12:07:11 +0000] "POST /xmlrpc.php HTTP/1.1" 200 416 "-" "Jetpack by WordPress.com"
68.168.20.96 - - [03/Aug/2026:12:07:26 +0000] "POST /wp-json/batch/v1 HTTP/1.1" 207 16 "-" "wp2shell"
68.168.20.96 - - [03/Aug/2026:12:07:30 +0000] "POST /?rest_route=/batch/v1 HTTP/1.1" 403 1242 "-" "wp2shell"
86.154.61.88 - - [03/Aug/2026:12:08:51 +0000] "POST /xmlrpc.php HTTP/1.1" 200 416 "-" "Jetpack by WordPress.com"
86.154.61.88 - - [03/Aug/2026:12:09:25 +0000] "POST /xmlrpc.php HTTP/1.1" 200 416 "-" "Jetpack by WordPress.com"
86.154.61.88 - - [03/Aug/2026:12:10:19 +0000] "POST /xmlrpc.php HTTP/1.1" 200 416 "-" "Jetpack by WordPress.com (Jetpack 12.5; WordPress 6.3)"
86.154.61.88 - - [03/Aug/2026:12:10:34 +0000] "POST /xmlrpc.php HTTP/1.1" 200 416 "-" "Jetpack/12.5; WordPress/6.2; http://site78516626.com"
86.154.61.88 - - [03/Aug/2026:12:12:14 +0000] "POST /xmlrpc.php HTTP/1.1" 200 416 "-" "Jetpack/12.0; WordPress/6.2; http://site24914924.com"
86.154.61.88 - - [03/Aug/2026:12:12:30 +0000] "POST /xmlrpc.php HTTP/1.1" 200 416 "-" "WordPress.com; https://wordpress.com"
86.154.61.88 - - [03/Aug/2026:12:12:46 +0000] "POST /xmlrpc.php HTTP/1.1" 200 416 "-" "Jetpack by WordPress.com"
86.154.61.88 - - [03/Aug/2026:12:13:05 +0000] "POST /xmlrpc.php HTTP/1.1" 200 416 "-" "WordPress.com; https://wordpress.com"
86.154.61.88 - - [03/Aug/2026:12:14:40 +0000] "POST /xmlrpc.php HTTP/1.1" 200 416 "-" "Jetpack/12.0; WordPress/6.2; http://site26607486.com"
86.154.61.88 - - [03/Aug/2026:12:15:16 +0000] "POST /xmlrpc.php HTTP/1.1" 200 416 "-" "Jetpack by WordPress.com"
86.154.61.88 - - [03/Aug/2026:12:15:49 +0000] "POST /xmlrpc.php HTTP/1.1" 200 416 "-" "Jetpack by WordPress.com (Jetpack 12.1; WordPress 6.3)"
198.23.58.167 - - [03/Aug/2026:12:16:25 +0000] "POST /wp-cron.php?doing_wp_cron=1785759385.8899869918823242187500 HTTP/1.1" 200 0 "-" "WordPress/6.7.1; https://jysaconstructora.com"
86.154.61.88 - - [03/Aug/2026:12:16:38 +0000] "POST /xmlrpc.php HTTP/1.1" 403 1242 "-" "Jetpack by WordPress.com (Jetpack 12.5; WordPress 6.2)"
86.154.61.88 - - [03/Aug/2026:12:18:19 +0000] "POST /xmlrpc.php HTTP/1.1" 403 1242 "-" "Jetpack/12.5; WordPress/6.2; http://site76556359.com"
86.154.61.88 - - [03/Aug/2026:12:18:36 +0000] "POST /xmlrpc.php HTTP/1.1" 403 1242 "-" "Jetpack/12.5; WordPress/6.3; http://site49147977.com"
86.154.61.88 - - [03/Aug/2026:12:16:05 +0000] "POST /xmlrpc.php HTTP/1.1" 403 1242 "-" "Jetpack/12.0; WordPress/6.4; http://site97472151.com"
86.154.61.88 - - [03/Aug/2026:12:16:55 +0000] "POST /xmlrpc.php HTTP/1.1" 403 1242 "-" "Jetpack/13.0; WordPress/6.1; http://site37784632.com"
86.154.61.88 - - [03/Aug/2026:12:17:27 +0000] "POST /xmlrpc.php HTTP/1.1" 403 1242 "-" "Jetpack by WordPress.com (Jetpack 12.0; WordPress 6.2)"
86.154.61.88 - - [03/Aug/2026:12:18:01 +0000] "POST /xmlrpc.php HTTP/1.1" 403 1242 "-" "Jetpack by WordPress.com"
198.23.58.167 - - [03/Aug/2026:12:19:14 +0000] "POST /wp-cron.php?doing_wp_cron=1785759554.0132529735565185546875 HTTP/1.1" 200 0 "-" "WordPress/6.7.1; https://jysaconstructora.com"
86.154.61.88 - - [03/Aug/2026:12:20:35 +0000] "POST /xmlrpc.php HTTP/1.1" 403 1242 "-" "Jetpack by WordPress.com"
86.154.61.88 - - [03/Aug/2026:12:21:09 +0000] "POST /xmlrpc.php HTTP/1.1" 200 416 "-" "Jetpack by WordPress.com"
198.23.58.167 - - [03/Aug/2026:12:22:20 +0000] "POST /wp-cron.php?doing_wp_cron=1785759740.8098940849304199218750 HTTP/1.1" 200 0 "-" "WordPress/6.7.1; https://jysaconstructora.com"
86.154.61.88 - - [03/Aug/2026:12:22:17 +0000] "POST /xmlrpc.php HTTP/1.1" 200 416 "-" "Jetpack/12.1; WordPress/6.3; http://site64014838.com"
198.23.58.167 - - [03/Aug/2026:12:23:11 +0000] "POST /wp-cron.php?doing_wp_cron=1785759791.0762689113616943359375 HTTP/1.1" 200 0 "-" "WordPress/6.7.1; https://jysaconstructora.com"
57.141.0.25 - - [03/Aug/2026:12:15:13 +0000] "GET /sitemap-index.xml HTTP/2" 404 29684 "-" "Mozilla/5.0 (Windows NT 10.0; Win64; x64) AppleWebKit/537.36 (KHTML, like Gecko) Chrome/145.0.0.0 Safari/537.36 (compatible; meta-externalagent/1.1 (+https://developers.facebook.com/docs/sharing/webmasters/crawler))"
198.23.58.167 - - [03/Aug/2026:12:15:20 +0000] "POST /wp-cron.php?doing_wp_cron=1785759320.0504469871520996093750 HTTP/1.1" 200 0 "-" "WordPress/6.7.1; https://jysaconstructora.com"
86.154.61.88 - - [03/Aug/2026:12:15:32 +0000] "POST /xmlrpc.php HTTP/1.1" 200 416 "-" "WordPress.com; https://wordpress.com"
86.154.61.88 - - [03/Aug/2026:12:16:22 +0000] "POST /xmlrpc.php HTTP/1.1" 200 416 "-" "Jetpack by WordPress.com"
198.23.58.167 - - [03/Aug/2026:12:17:14 +0000] "POST /wp-cron.php?doing_wp_cron=1785759434.7954909801483154296875 HTTP/1.1" 200 0 "-" "WordPress/6.7.1; https://jysaconstructora.com"
86.154.61.88 - - [03/Aug/2026:12:17:11 +0000] "POST /xmlrpc.php HTTP/1.1" 200 416 "-" "Jetpack by WordPress.com (Jetpack 12.1; WordPress 6.2)"
86.154.61.88 - - [03/Aug/2026:12:17:44 +0000] "POST /xmlrpc.php HTTP/1.1" 200 416 "-" "Jetpack/12.0; WordPress/6.1; http://site76674706.com"
198.23.58.167 - - [03/Aug/2026:12:18:56 +0000] "POST /wp-cron.php?doing_wp_cron=1785759536.6643350124359130859375 HTTP/1.1" 200 0 "-" "WordPress/6.7.1; https://jysaconstructora.com"
86.154.61.88 - - [03/Aug/2026:12:18:52 +0000] "POST /xmlrpc.php HTTP/1.1" 200 416 "-" "WordPress.com; https://wordpress.com"
86.154.61.88 - - [03/Aug/2026:12:19:10 +0000] "POST /xmlrpc.php HTTP/1.1" 200 416 "-" "Jetpack by WordPress.com"
86.154.61.88 - - [03/Aug/2026:12:19:27 +0000] "POST /xmlrpc.php HTTP/1.1" 200 416 "-" "Jetpack by WordPress.com (Jetpack 12.0; WordPress 6.1)"
86.154.61.88 - - [03/Aug/2026:12:19:43 +0000] "POST /xmlrpc.php HTTP/1.1" 200 416 "-" "Jetpack by WordPress.com"
86.154.61.88 - - [03/Aug/2026:12:20:02 +0000] "POST /xmlrpc.php HTTP/1.1" 200 416 "-" "Jetpack by WordPress.com (Jetpack 12.1; WordPress 6.3)"
198.23.58.167 - - [03/Aug/2026:12:20:22 +0000] "POST /wp-cron.php?doing_wp_cron=1785759622.7711040973663330078125 HTTP/1.1" 200 0 "-" "WordPress/6.7.1; https://jysaconstructora.com"
86.154.61.88 - - [03/Aug/2026:12:20:19 +0000] "POST /xmlrpc.php HTTP/1.1" 200 416 "-" "Jetpack by WordPress.com (Jetpack 12.0; WordPress 6.3)"
35.243.77.32 - - [03/Aug/2026:12:20:34 +0000] "GET /wp-content/uploads/2023/07/ico02.png HTTP/1.1" 200 1203 "-" "Python-urllib/3.12"
198.23.58.167 - - [03/Aug/2026:12:21:13 +0000] "POST /wp-cron.php?doing_wp_cron=1785759673.4487190246582031250000 HTTP/1.1" 200 0 "-" "WordPress/6.7.1; https://jysaconstructora.com"
86.154.61.88 - - [03/Aug/2026:12:21:26 +0000] "POST /xmlrpc.php HTTP/1.1" 200 416 "-" "Jetpack by WordPress.com (Jetpack 12.1; WordPress 6.2)"
86.154.61.88 - - [03/Aug/2026:12:21:43 +0000] "POST /xmlrpc.php HTTP/1.1" 200 416 "-" "Jetpack/13.0; WordPress/6.3; http://site63250626.com"
86.154.61.88 - - [03/Aug/2026:12:20:52 +0000] "POST /xmlrpc.php HTTP/1.1" 200 416 "-" "Jetpack by WordPress.com (Jetpack 12.5; WordPress 6.2)"
86.154.61.88 - - [03/Aug/2026:12:22:00 +0000] "POST /xmlrpc.php HTTP/1.1" 200 416 "-" "Jetpack/12.0; WordPress/6.4; http://site70041255.com"
86.154.61.88 - - [03/Aug/2026:12:22:34 +0000] "POST /xmlrpc.php HTTP/1.1" 200 416 "-" "Jetpack/12.0; WordPress/6.4; http://site75653870.com"
86.154.61.88 - - [03/Aug/2026:12:22:50 +0000] "POST /xmlrpc.php HTTP/1.1" 200 416 "-" "Jetpack by WordPress.com"
86.154.61.88 - - [03/Aug/2026:12:23:07 +0000] "POST /xmlrpc.php HTTP/1.1" 200 416 "-" "WordPress.com; https://wordpress.com"
86.154.61.88 - - [03/Aug/2026:12:23:23 +0000] "POST /xmlrpc.php HTTP/1.1" 200 416 "-" "Jetpack/12.1; WordPress/6.3; http://site59925331.com"
86.154.61.88 - - [03/Aug/2026:12:23:57 +0000] "POST /xmlrpc.php HTTP/1.1" 200 416 "-" "Jetpack/13.0; WordPress/6.1; http://site85909579.com"
198.23.58.167 - - [03/Aug/2026:12:24:17 +0000] "POST /wp-cron.php?doing_wp_cron=1785759857.5839838981628417968750 HTTP/1.1" 200 0 "-" "WordPress/6.7.1; https://jysaconstructora.com"
86.154.61.88 - - [03/Aug/2026:12:25:04 +0000] "POST /xmlrpc.php HTTP/1.1" 200 416 "-" "Jetpack/12.1; WordPress/6.3; http://site18741193.com"
86.154.61.88 - - [03/Aug/2026:12:25:20 +0000] "POST /xmlrpc.php HTTP/1.1" 200 416 "-" "Jetpack/12.5; WordPress/6.3; http://site67694709.com"
86.154.61.88 - - [03/Aug/2026:12:25:37 +0000] "POST /xmlrpc.php HTTP/1.1" 200 416 "-" "Jetpack by WordPress.com"
86.154.61.88 - - [03/Aug/2026:12:25:54 +0000] "POST /xmlrpc.php HTTP/1.1" 200 416 "-" "Jetpack by WordPress.com (Jetpack 12.0; WordPress 6.3)"
86.154.61.88 - - [03/Aug/2026:12:26:27 +0000] "POST /xmlrpc.php HTTP/1.1" 200 416 "-" "Jetpack by WordPress.com"
86.154.61.88 - - [03/Aug/2026:12:26:43 +0000] "POST /xmlrpc.php HTTP/1.1" 200 416 "-" "Jetpack by WordPress.com (Jetpack 12.0; WordPress 6.1)"
86.154.61.88 - - [03/Aug/2026:12:27:48 +0000] "POST /xmlrpc.php HTTP/1.1" 200 416 "-" "Jetpack by WordPress.com (Jetpack 13.0; WordPress 6.1)"
86.154.61.88 - - [03/Aug/2026:12:28:03 +0000] "POST /xmlrpc.php HTTP/1.1" 200 416 "-" "Jetpack/13.0; WordPress/6.3; http://site85021175.com"
198.23.58.167 - - [03/Aug/2026:12:28:20 +0000] "POST /wp-cron.php?doing_wp_cron=1785760100.4423511028289794921875 HTTP/1.1" 200 0 "-" "WordPress/6.7.1; https://jysaconstructora.com"
86.154.61.88 - - [03/Aug/2026:12:28:16 +0000] "POST /xmlrpc.php HTTP/1.1" 200 416 "-" "Jetpack/12.0; WordPress/6.2; http://site89654439.com"
20.215.191.139 - - [03/Aug/2026:12:34:46 +0000] "GET /1.php HTTP/1.1" 301 0 "-" "Mozilla/5.0 (Windows NT 10.0; Win64; x64) AppleWebKit/537.36 (KHTML, like Gecko) Chrome/120.0.0.0 Safari/537.36"
20.215.191.139 - - [03/Aug/2026:12:34:53 +0000] "GET /new.php HTTP/1.1" 301 0 "-" "Mozilla/5.0 (Windows NT 10.0; Win64; x64) AppleWebKit/537.36 (KHTML, like Gecko) Chrome/120.0.0.0 Safari/537.36"
20.215.191.139 - - [03/Aug/2026:12:34:57 +0000] "GET /num.php HTTP/1.1" 301 0 "-" "Mozilla/5.0 (Windows NT 10.0; Win64; x64) AppleWebKit/537.36 (KHTML, like Gecko) Chrome/120.0.0.0 Safari/537.36"
20.215.191.139 - - [03/Aug/2026:12:35:01 +0000] "GET /wp-includes/fonts/ HTTP/1.1" 200 0 "-" "Mozilla/5.0 (Windows NT 10.0; Win64; x64) AppleWebKit/537.36 (KHTML, like Gecko) Chrome/120.0.0.0 Safari/537.36"
20.215.191.139 - - [03/Aug/2026:12:35:01 +0000] "GET /admin.php HTTP/1.1" 301 0 "-" "Mozilla/5.0 (Windows NT 10.0; Win64; x64) AppleWebKit/537.36 (KHTML, like Gecko) Chrome/120.0.0.0 Safari/537.36"
20.215.191.139 - - [03/Aug/2026:12:35:06 +0000] "GET /13.php HTTP/1.1" 301 0 "-" "Mozilla/5.0 (Windows NT 10.0; Win64; x64) AppleWebKit/537.36 (KHTML, like Gecko) Chrome/120.0.0.0 Safari/537.36"
20.215.191.139 - - [03/Aug/2026:12:35:10 +0000] "GET /222.php HTTP/1.1" 301 0 "-" "Mozilla/5.0 (Windows NT 10.0; Win64; x64) AppleWebKit/537.36 (KHTML, like Gecko) Chrome/120.0.0.0 Safari/537.36"
20.215.191.139 - - [03/Aug/2026:12:35:15 +0000] "GET /aa.php HTTP/1.1" 301 0 "-" "Mozilla/5.0 (Windows NT 10.0; Win64; x64) AppleWebKit/537.36 (KHTML, like Gecko) Chrome/120.0.0.0 Safari/537.36"
20.215.191.139 - - [03/Aug/2026:12:35:20 +0000] "GET /abcd.php HTTP/1.1" 301 0 "-" "Mozilla/5.0 (Windows NT 10.0; Win64; x64) AppleWebKit/537.36 (KHTML, like Gecko) Chrome/120.0.0.0 Safari/537.36"
20.215.191.139 - - [03/Aug/2026:12:35:24 +0000] "GET /about.php HTTP/1.1" 301 0 "-" "Mozilla/5.0 (Windows NT 10.0; Win64; x64) AppleWebKit/537.36 (KHTML, like Gecko) Chrome/120.0.0.0 Safari/537.36"
20.215.191.139 - - [03/Aug/2026:12:35:28 +0000] "GET /admin.php HTTP/1.1" 301 0 "-" "Mozilla/5.0 (Windows NT 10.0; Win64; x64) AppleWebKit/537.36 (KHTML, like Gecko) Chrome/120.0.0.0 Safari/537.36"
20.215.191.139 - - [03/Aug/2026:12:35:32 +0000] "GET /adminfuns.php HTTP/1.1" 301 0 "-" "Mozilla/5.0 (Windows NT 10.0; Win64; x64) AppleWebKit/537.36 (KHTML, like Gecko) Chrome/120.0.0.0 Safari/537.36"
20.215.191.139 - - [03/Aug/2026:12:35:36 +0000] "GET /adminfuns.php/.well-known/acme-challenge/file.php HTTP/1.1" 301 0 "-" "Mozilla/5.0 (Windows NT 10.0; Win64; x64) AppleWebKit/537.36 (KHTML, like Gecko) Chrome/120.0.0.0 Safari/537.36"
20.215.191.139 - - [03/Aug/2026:12:35:40 +0000] "GET /ae.php HTTP/1.1" 301 0 "-" "Mozilla/5.0 (Windows NT 10.0; Win64; x64) AppleWebKit/537.36 (KHTML, like Gecko) Chrome/120.0.0.0 Safari/537.36"
20.215.191.139 - - [03/Aug/2026:12:35:44 +0000] "GET /akcc.php HTTP/1.1" 301 0 "-" "Mozilla/5.0 (Windows NT 10.0; Win64; x64) AppleWebKit/537.36 (KHTML, like Gecko) Chrome/120.0.0.0 Safari/537.36"
20.215.191.139 - - [03/Aug/2026:12:35:48 +0000] "GET /bak.php HTTP/1.1" 301 0 "-" "Mozilla/5.0 (Windows NT 10.0; Win64; x64) AppleWebKit/537.36 (KHTML, like Gecko) Chrome/120.0.0.0 Safari/537.36"
20.215.191.139 - - [03/Aug/2026:12:35:52 +0000] "GET /cc.php HTTP/1.1" 301 0 "-" "Mozilla/5.0 (Windows NT 10.0; Win64; x64) AppleWebKit/537.36 (KHTML, like Gecko) Chrome/120.0.0.0 Safari/537.36"
20.215.191.139 - - [03/Aug/2026:12:35:56 +0000] "GET /file5.php HTTP/1.1" 301 0 "-" "Mozilla/5.0 (Windows NT 10.0; Win64; x64) AppleWebKit/537.36 (KHTML, like Gecko) Chrome/120.0.0.0 Safari/537.36"
20.215.191.139 - - [03/Aug/2026:12:36:01 +0000] "GET /chosen.php HTTP/1.1" 301 0 "-" "Mozilla/5.0 (Windows NT 10.0; Win64; x64) AppleWebKit/537.36 (KHTML, like Gecko) Chrome/120.0.0.0 Safari/537.36"
20.215.191.139 - - [03/Aug/2026:12:36:05 +0000] "GET /classwithtostring.php HTTP/1.1" 301 0 "-" "Mozilla/5.0 (Windows NT 10.0; Win64; x64) AppleWebKit/537.36 (KHTML, like Gecko) Chrome/120.0.0.0 Safari/537.36"
20.215.191.139 - - [03/Aug/2026:12:36:09 +0000] "GET /wp-signup.php HTTP/1.1" 302 0 "-" "Mozilla/5.0 (Windows NT 10.0; Win64; x64) AppleWebKit/537.36 (KHTML, like Gecko) Chrome/120.0.0.0 Safari/537.36"
20.215.191.139 - - [03/Aug/2026:12:36:14 +0000] "GET /doc.php HTTP/1.1" 301 0 "-" "Mozilla/5.0 (Windows NT 10.0; Win64; x64) AppleWebKit/537.36 (KHTML, like Gecko) Chrome/120.0.0.0 Safari/537.36"
20.215.191.139 - - [03/Aug/2026:12:36:18 +0000] "GET /edit.php HTTP/1.1" 301 0 "-" "Mozilla/5.0 (Windows NT 10.0; Win64; x64) AppleWebKit/537.36 (KHTML, like Gecko) Chrome/120.0.0.0 Safari/537.36"
20.215.191.139 - - [03/Aug/2026:12:36:22 +0000] "GET /worksec.php HTTP/1.1" 301 0 "-" "Mozilla/5.0 (Windows NT 10.0; Win64; x64) AppleWebKit/537.36 (KHTML, like Gecko) Chrome/120.0.0.0 Safari/537.36"
20.215.191.139 - - [03/Aug/2026:12:36:26 +0000] "GET /ultra.php HTTP/1.1" 301 0 "-" "Mozilla/5.0 (Windows NT 10.0; Win64; x64) AppleWebKit/537.36 (KHTML, like Gecko) Chrome/120.0.0.0 Safari/537.36"
20.215.191.139 - - [03/Aug/2026:12:36:30 +0000] "GET /file.php HTTP/1.1" 301 0 "-" "Mozilla/5.0 (Windows NT 10.0; Win64; x64) AppleWebKit/537.36 (KHTML, like Gecko) Chrome/120.0.0.0 Safari/537.36"
20.215.191.139 - - [03/Aug/2026:12:36:34 +0000] "GET /files.php HTTP/1.1" 301 0 "-" "Mozilla/5.0 (Windows NT 10.0; Win64; x64) AppleWebKit/537.36 (KHTML, like Gecko) Chrome/120.0.0.0 Safari/537.36"
20.215.191.139 - - [03/Aug/2026:12:36:38 +0000] "GET /gecko.php HTTP/1.1" 301 0 "-" "Mozilla/5.0 (Windows NT 10.0; Win64; x64) AppleWebKit/537.36 (KHTML, like Gecko) Chrome/120.0.0.0 Safari/537.36"
20.215.191.139 - - [03/Aug/2026:12:36:42 +0000] "GET /goods.php HTTP/1.1" 301 0 "-" "Mozilla/5.0 (Windows NT 10.0; Win64; x64) AppleWebKit/537.36 (KHTML, like Gecko) Chrome/120.0.0.0 Safari/537.36"
20.215.191.139 - - [03/Aug/2026:12:36:46 +0000] "GET /man.php HTTP/1.1" 301 0 "-" "Mozilla/5.0 (Windows NT 10.0; Win64; x64) AppleWebKit/537.36 (KHTML, like Gecko) Chrome/120.0.0.0 Safari/537.36"
20.215.191.139 - - [03/Aug/2026:12:36:50 +0000] "GET /wp-settings.php HTTP/1.1" 500 0 "-" "Mozilla/5.0 (Windows NT 10.0; Win64; x64) AppleWebKit/537.36 (KHTML, like Gecko) Chrome/120.0.0.0 Safari/537.36"
86.154.61.88 - - [03/Aug/2026:12:24:47 +0000] "POST /xmlrpc.php HTTP/1.1" 200 416 "-" "WordPress.com; https://wordpress.com"
86.154.61.88 - - [03/Aug/2026:12:26:10 +0000] "POST /xmlrpc.php HTTP/1.1" 200 416 "-" "WordPress.com; https://wordpress.com"
86.154.61.88 - - [03/Aug/2026:12:26:59 +0000] "POST /xmlrpc.php HTTP/1.1" 200 416 "-" "Jetpack by WordPress.com (Jetpack 12.1; WordPress 6.2)"
198.23.58.167 - - [03/Aug/2026:12:27:20 +0000] "POST /wp-cron.php?doing_wp_cron=1785760040.2334570884704589843750 HTTP/1.1" 200 0 "-" "WordPress/6.7.1; https://jysaconstructora.com"
86.154.61.88 - - [03/Aug/2026:12:27:32 +0000] "POST /xmlrpc.php HTTP/1.1" 200 416 "-" "WordPress.com; https://wordpress.com"
198.23.58.167 - - [03/Aug/2026:12:37:10 +0000] "POST /wp-cron.php?doing_wp_cron=1785760630.5638620853424072265625 HTTP/1.1" 200 0 "-" "WordPress/6.7.1; https://jysaconstructora.com"
142.111.152.11 - - [03/Aug/2026:12:50:36 +0000] "GET / HTTP/1.1" 200 48147 "-" "Mozilla/5.0 (X11; Linux x86_64) AppleWebKit/537.36 Chrome/120.0.0.0 Safari/537.36"
185.191.171.1 - - [03/Aug/2026:13:07:53 +0000] "GET /robots.txt HTTP/1.1" 200 74 "-" "Mozilla/5.0 (compatible; SemrushBot/7~bl; +http://www.semrush.com/bot.html)"
198.23.58.167 - - [03/Aug/2026:13:07:58 +0000] "POST /wp-cron.php?doing_wp_cron=1785762478.4078679084777832031250 HTTP/1.1" 200 0 "-" "WordPress/6.7.1; https://jysaconstructora.com"
185.191.171.12 - - [03/Aug/2026:13:07:54 +0000] "GET /proyectos/ico_art-and-designm/ HTTP/1.1" 200 41700 "-" "Mozilla/5.0 (compatible; SemrushBot/7~bl; +http://www.semrush.com/bot.html)"
17.22.253.229 - - [03/Aug/2026:13:12:52 +0000] "GET /robots.txt HTTP/2" 200 74 "-" "Mozilla/5.0 (Macintosh; Intel Mac OS X 10_15_7) AppleWebKit/605.1.15 (KHTML, like Gecko) Version/17.4 Safari/605.1.15 (Applebot/0.1; +http://www.apple.com/go/applebot)"
17.22.253.229 - - [03/Aug/2026:13:12:53 +0000] "GET /feed/ HTTP/2" 200 22172 "-" "Mozilla/5.0 (Macintosh; Intel Mac OS X 10_15_7) AppleWebKit/605.1.15 (KHTML, like Gecko) Version/17.4 Safari/605.1.15 (Applebot/0.1; +http://www.apple.com/go/applebot)"
43.157.50.58 - - [03/Aug/2026:13:25:38 +0000] "GET / HTTP/1.1" 200 48146 "http://jysaconstructora.com" "Mozilla/5.0 (iPhone; CPU iPhone OS 13_2_3 like Mac OS X) AppleWebKit/605.1.15 (KHTML, like Gecko) Version/13.0.3 Mobile/15E148 Safari/604.1"
135.119.63.61 - - [03/Aug/2026:13:26:23 +0000] "GET /.dj/index.php HTTP/1.1" 301 0 "-" "Mozilla/5.0 (Windows NT 10.0; Win64; x64) AppleWebKit/537.36 (KHTML, like Gecko) Chrome/120.0.0.0 Safari/537.36"
135.119.63.61 - - [03/Aug/2026:13:26:27 +0000] "GET /.tmb/ HTTP/1.1" 301 0 "-" "Mozilla/5.0 (Windows NT 10.0; Win64; x64) AppleWebKit/537.36 (KHTML, like Gecko) Chrome/120.0.0.0 Safari/537.36"
135.119.63.61 - - [03/Aug/2026:13:26:31 +0000] "GET /.vscode/class-wp-http-client.php HTTP/1.1" 301 0 "-" "Mozilla/5.0 (Windows NT 10.0; Win64; x64) AppleWebKit/537.36 (KHTML, like Gecko) Chrome/120.0.0.0 Safari/537.36"
135.119.63.61 - - [03/Aug/2026:13:26:35 +0000] "GET /.well-known/ HTTP/1.1" 200 619 "-" "Mozilla/5.0 (Windows NT 10.0; Win64; x64) AppleWebKit/537.36 (KHTML, like Gecko) Chrome/120.0.0.0 Safari/537.36"
135.119.63.61 - - [03/Aug/2026:13:26:36 +0000] "GET /.well-known/about.php HTTP/1.1" 301 0 "-" "Mozilla/5.0 (Windows NT 10.0; Win64; x64) AppleWebKit/537.36 (KHTML, like Gecko) Chrome/120.0.0.0 Safari/537.36"
135.119.63.61 - - [03/Aug/2026:13:26:40 +0000] "GET /.well-known/acme-challenge/ HTTP/1.1" 200 554 "-" "Mozilla/5.0 (Windows NT 10.0; Win64; x64) AppleWebKit/537.36 (KHTML, like Gecko) Chrome/120.0.0.0 Safari/537.36"
135.119.63.61 - - [03/Aug/2026:13:26:40 +0000] "GET /.well-known/acme-challenge/block-supports/ HTTP/1.1" 301 0 "-" "Mozilla/5.0 (Windows NT 10.0; Win64; x64) AppleWebKit/537.36 (KHTML, like Gecko) Chrome/120.0.0.0 Safari/537.36"
135.119.63.61 - - [03/Aug/2026:13:26:43 +0000] "GET /.well-known/acme-challenge/muse.php HTTP/1.1" 301 0 "-" "Mozilla/5.0 (Windows NT 10.0; Win64; x64) AppleWebKit/537.36 (KHTML, like Gecko) Chrome/120.0.0.0 Safari/537.36"
135.119.63.61 - - [03/Aug/2026:13:26:47 +0000] "GET /.well-known/bdkr28_61cohkhh.php HTTP/1.1" 301 0 "-" "Mozilla/5.0 (Windows NT 10.0; Win64; x64) AppleWebKit/537.36 (KHTML, like Gecko) Chrome/120.0.0.0 Safari/537.36"
135.119.63.61 - - [03/Aug/2026:13:26:51 +0000] "GET /.well-known/class-wp-http-client.php HTTP/1.1" 301 0 "-" "Mozilla/5.0 (Windows NT 10.0; Win64; x64) AppleWebKit/537.36 (KHTML, like Gecko) Chrome/120.0.0.0 Safari/537.36"
135.119.63.61 - - [03/Aug/2026:13:26:55 +0000] "GET /.well-known/gecko-litespeed.php HTTP/1.1" 301 0 "-" "Mozilla/5.0 (Windows NT 10.0; Win64; x64) AppleWebKit/537.36 (KHTML, like Gecko) Chrome/120.0.0.0 Safari/537.36"
135.119.63.61 - - [03/Aug/2026:13:26:59 +0000] "GET /.well-known/index.php HTTP/1.1" 301 0 "-" "Mozilla/5.0 (Windows NT 10.0; Win64; x64) AppleWebKit/537.36 (KHTML, like Gecko) Chrome/120.0.0.0 Safari/537.36"
135.119.63.61 - - [03/Aug/2026:13:27:03 +0000] "GET /.well-known/ws.php HTTP/1.1" 301 0 "-" "Mozilla/5.0 (Windows NT 10.0; Win64; x64) AppleWebKit/537.36 (KHTML, like Gecko) Chrome/120.0.0.0 Safari/537.36"
198.23.58.167 - - [03/Aug/2026:13:27:11 +0000] "POST /wp-cron.php?doing_wp_cron=1785763631.7537240982055664062500 HTTP/1.1" 200 0 "-" "WordPress/6.7.1; https://jysaconstructora.com"
135.119.63.61 - - [03/Aug/2026:13:27:07 +0000] "GET /.xa/class-wp-http-client.php HTTP/1.1" 301 0 "-" "Mozilla/5.0 (Windows NT 10.0; Win64; x64) AppleWebKit/537.36 (KHTML, like Gecko) Chrome/120.0.0.0 Safari/537.36"
135.119.63.61 - - [03/Aug/2026:13:27:12 +0000] "GET /0.php HTTP/1.1" 301 0 "-" "Mozilla/5.0 (Windows NT 10.0; Win64; x64) AppleWebKit/537.36 (KHTML, like Gecko) Chrome/120.0.0.0 Safari/537.36"
135.119.63.61 - - [03/Aug/2026:13:27:16 +0000] "GET /000.php HTTP/1.1" 301 0 "-" "Mozilla/5.0 (Windows NT 10.0; Win64; x64) AppleWebKit/537.36 (KHTML, like Gecko) Chrome/120.0.0.0 Safari/537.36"
135.119.63.61 - - [03/Aug/2026:13:27:20 +0000] "GET /002.php HTTP/1.1" 301 0 "-" "Mozilla/5.0 (Windows NT 10.0; Win64; x64) AppleWebKit/537.36 (KHTML, like Gecko) Chrome/120.0.0.0 Safari/537.36"
135.119.63.61 - - [03/Aug/2026:13:27:24 +0000] "GET /0x.php HTTP/1.1" 301 0 "-" "Mozilla/5.0 (Windows NT 10.0; Win64; x64) AppleWebKit/537.36 (KHTML, like Gecko) Chrome/120.0.0.0 Safari/537.36"
135.119.63.61 - - [03/Aug/2026:13:27:28 +0000] "GET /0xd.php HTTP/1.1" 301 0 "-" "Mozilla/5.0 (Windows NT 10.0; Win64; x64) AppleWebKit/537.36 (KHTML, like Gecko) Chrome/120.0.0.0 Safari/537.36"
135.119.63.61 - - [03/Aug/2026:13:27:32 +0000] "GET /1.php HTTP/1.1" 301 0 "-" "Mozilla/5.0 (Windows NT 10.0; Win64; x64) AppleWebKit/537.36 (KHTML, like Gecko) Chrome/120.0.0.0 Safari/537.36"
135.119.63.61 - - [03/Aug/2026:13:27:36 +0000] "GET /100.php HTTP/1.1" 301 0 "-" "Mozilla/5.0 (Windows NT 10.0; Win64; x64) AppleWebKit/537.36 (KHTML, like Gecko) Chrome/120.0.0.0 Safari/537.36"
135.119.63.61 - - [03/Aug/2026:13:27:40 +0000] "GET /12.php HTTP/1.1" 301 0 "-" "Mozilla/5.0 (Windows NT 10.0; Win64; x64) AppleWebKit/537.36 (KHTML, like Gecko) Chrome/120.0.0.0 Safari/537.36"
135.119.63.61 - - [03/Aug/2026:13:27:44 +0000] "GET /123.php HTTP/1.1" 301 0 "-" "Mozilla/5.0 (Windows NT 10.0; Win64; x64) AppleWebKit/537.36 (KHTML, like Gecko) Chrome/120.0.0.0 Safari/537.36"
135.119.63.61 - - [03/Aug/2026:13:27:48 +0000] "GET /13.php HTTP/1.1" 301 0 "-" "Mozilla/5.0 (Windows NT 10.0; Win64; x64) AppleWebKit/537.36 (KHTML, like Gecko) Chrome/120.0.0.0 Safari/537.36"
135.119.63.61 - - [03/Aug/2026:13:27:52 +0000] "GET /133.php HTTP/1.1" 301 0 "-" "Mozilla/5.0 (Windows NT 10.0; Win64; x64) AppleWebKit/537.36 (KHTML, like Gecko) Chrome/120.0.0.0 Safari/537.36"
135.119.63.61 - - [03/Aug/2026:13:27:56 +0000] "GET /155.php HTTP/1.1" 301 0 "-" "Mozilla/5.0 (Windows NT 10.0; Win64; x64) AppleWebKit/537.36 (KHTML, like Gecko) Chrome/120.0.0.0 Safari/537.36"
135.119.63.61 - - [03/Aug/2026:13:28:00 +0000] "GET /166.php HTTP/1.1" 301 0 "-" "Mozilla/5.0 (Windows NT 10.0; Win64; x64) AppleWebKit/537.36 (KHTML, like Gecko) Chrome/120.0.0.0 Safari/537.36"
135.119.63.61 - - [03/Aug/2026:13:28:04 +0000] "GET /2.php HTTP/1.1" 301 0 "-" "Mozilla/5.0 (Windows NT 10.0; Win64; x64) AppleWebKit/537.36 (KHTML, like Gecko) Chrome/120.0.0.0 Safari/537.36"
135.119.63.61 - - [03/Aug/2026:13:28:08 +0000] "GET /2026w.php HTTP/1.1" 301 0 "-" "Mozilla/5.0 (Windows NT 10.0; Win64; x64) AppleWebKit/537.36 (KHTML, like Gecko) Chrome/120.0.0.0 Safari/537.36"
135.119.63.61 - - [03/Aug/2026:13:28:12 +0000] "GET /222.php HTTP/1.1" 301 0 "-" "Mozilla/5.0 (Windows NT 10.0; Win64; x64) AppleWebKit/537.36 (KHTML, like Gecko) Chrome/120.0.0.0 Safari/537.36"
135.119.63.61 - - [03/Aug/2026:13:28:17 +0000] "GET /2p.php HTTP/1.1" 301 0 "-" "Mozilla/5.0 (Windows NT 10.0; Win64; x64) AppleWebKit/537.36 (KHTML, like Gecko) Chrome/120.0.0.0 Safari/537.36"
135.119.63.61 - - [03/Aug/2026:13:28:20 +0000] "GET /2p.update.php HTTP/1.1" 301 0 "-" "Mozilla/5.0 (Windows NT 10.0; Win64; x64) AppleWebKit/537.36 (KHTML, like Gecko) Chrome/120.0.0.0 Safari/537.36"
135.119.63.61 - - [03/Aug/2026:13:28:25 +0000] "GET /3pjcpmfsd8b.php HTTP/1.1" 301 0 "-" "Mozilla/5.0 (Windows NT 10.0; Win64; x64) AppleWebKit/537.36 (KHTML, like Gecko) Chrome/120.0.0.0 Safari/537.36"
135.119.63.61 - - [03/Aug/2026:13:28:30 +0000] "GET /403.php HTTP/1.1" 301 0 "-" "Mozilla/5.0 (Windows NT 10.0; Win64; x64) AppleWebKit/537.36 (KHTML, like Gecko) Chrome/120.0.0.0 Safari/537.36"
135.119.63.61 - - [03/Aug/2026:13:28:37 +0000] "GET /404.php HTTP/1.1" 301 0 "-" "Mozilla/5.0 (Windows NT 10.0; Win64; x64) AppleWebKit/537.36 (KHTML, like Gecko) Chrome/120.0.0.0 Safari/537.36"
135.119.63.61 - - [03/Aug/2026:13:28:40 +0000] "GET /4pjcpmfsd8b.php HTTP/1.1" 301 0 "-" "Mozilla/5.0 (Windows NT 10.0; Win64; x64) AppleWebKit/537.36 (KHTML, like Gecko) Chrome/120.0.0.0 Safari/537.36"
135.119.63.61 - - [03/Aug/2026:13:28:45 +0000] "GET /666.php HTTP/1.1" 301 0 "-" "Mozilla/5.0 (Windows NT 10.0; Win64; x64) AppleWebKit/537.36 (KHTML, like Gecko) Chrome/120.0.0.0 Safari/537.36"
135.119.63.61 - - [03/Aug/2026:13:28:52 +0000] "GET /7.php HTTP/1.1" 301 0 "-" "Mozilla/5.0 (Windows NT 10.0; Win64; x64) AppleWebKit/537.36 (KHTML, like Gecko) Chrome/120.0.0.0 Safari/537.36"
135.119.63.61 - - [03/Aug/2026:13:28:57 +0000] "GET /8.php HTTP/1.1" 301 0 "-" "Mozilla/5.0 (Windows NT 10.0; Win64; x64) AppleWebKit/537.36 (KHTML, like Gecko) Chrome/120.0.0.0 Safari/537.36"
135.119.63.61 - - [03/Aug/2026:13:29:01 +0000] "GET /87.php HTTP/1.1" 301 0 "-" "Mozilla/5.0 (Windows NT 10.0; Win64; x64) AppleWebKit/537.36 (KHTML, like Gecko) Chrome/120.0.0.0 Safari/537.36"
20.104.18.253 - - [03/Aug/2026:13:29:05 +0000] "GET /.dj/index.php HTTP/1.1" 301 0 "-" "Mozilla/5.0 (Windows NT 10.0; Win64; x64) AppleWebKit/537.36 (KHTML, like Gecko) Chrome/120.0.0.0 Safari/537.36"
135.119.63.61 - - [03/Aug/2026:13:29:05 +0000] "GET /99.php HTTP/1.1" 301 0 "-" "Mozilla/5.0 (Windows NT 10.0; Win64; x64) AppleWebKit/537.36 (KHTML, like Gecko) Chrome/120.0.0.0 Safari/537.36"
135.119.63.61 - - [03/Aug/2026:13:29:10 +0000] "GET /a.php HTTP/1.1" 301 0 "-" "Mozilla/5.0 (Windows NT 10.0; Win64; x64) AppleWebKit/537.36 (KHTML, like Gecko) Chrome/120.0.0.0 Safari/537.36"
20.104.18.253 - - [03/Aug/2026:13:29:09 +0000] "GET /.tmb/ HTTP/1.1" 404 26851 "-" "Mozilla/5.0 (Windows NT 10.0; Win64; x64) AppleWebKit/537.36 (KHTML, like Gecko) Chrome/120.0.0.0 Safari/537.36"
135.119.63.61 - - [03/Aug/2026:13:29:15 +0000] "GET /a4.php HTTP/1.1" 301 0 "-" "Mozilla/5.0 (Windows NT 10.0; Win64; x64) AppleWebKit/537.36 (KHTML, like Gecko) Chrome/120.0.0.0 Safari/537.36"
20.104.18.253 - - [03/Aug/2026:13:29:15 +0000] "GET /.vscode/class-wp-http-client.php HTTP/1.1" 404 26867 "-" "Mozilla/5.0 (Windows NT 10.0; Win64; x64) AppleWebKit/537.36 (KHTML, like Gecko) Chrome/120.0.0.0 Safari/537.36"
20.104.18.253 - - [03/Aug/2026:13:29:20 +0000] "GET /.well-known/ HTTP/1.1" 200 615 "-" "Mozilla/5.0 (Windows NT 10.0; Win64; x64) AppleWebKit/537.36 (KHTML, like Gecko) Chrome/120.0.0.0 Safari/537.36"
135.119.63.61 - - [03/Aug/2026:13:29:20 +0000] "GET /a7.php HTTP/1.1" 301 0 "-" "Mozilla/5.0 (Windows NT 10.0; Win64; x64) AppleWebKit/537.36 (KHTML, like Gecko) Chrome/120.0.0.0 Safari/537.36"
20.104.18.253 - - [03/Aug/2026:13:29:21 +0000] "GET /.well-known/about.php HTTP/1.1" 404 26895 "-" "Mozilla/5.0 (Windows NT 10.0; Win64; x64) AppleWebKit/537.36 (KHTML, like Gecko) Chrome/120.0.0.0 Safari/537.36"
20.104.18.253 - - [03/Aug/2026:13:29:25 +0000] "GET /.well-known/acme-challenge/ HTTP/1.1" 200 550 "-" "Mozilla/5.0 (Windows NT 10.0; Win64; x64) AppleWebKit/537.36 (KHTML, like Gecko) Chrome/120.0.0.0 Safari/537.36"
135.119.63.61 - - [03/Aug/2026:13:29:24 +0000] "GET /aa.php HTTP/1.1" 301 0 "-" "Mozilla/5.0 (Windows NT 10.0; Win64; x64) AppleWebKit/537.36 (KHTML, like Gecko) Chrome/120.0.0.0 Safari/537.36"
20.104.18.253 - - [03/Aug/2026:13:29:25 +0000] "GET /.well-known/acme-challenge/block-supports/ HTTP/1.1" 404 27040 "-" "Mozilla/5.0 (Windows NT 10.0; Win64; x64) AppleWebKit/537.36 (KHTML, like Gecko) Chrome/120.0.0.0 Safari/537.36"
135.119.63.61 - - [03/Aug/2026:13:29:28 +0000] "GET /aaa.php HTTP/1.1" 301 0 "-" "Mozilla/5.0 (Windows NT 10.0; Win64; x64) AppleWebKit/537.36 (KHTML, like Gecko) Chrome/120.0.0.0 Safari/537.36"
20.104.18.253 - - [03/Aug/2026:13:29:30 +0000] "GET /.well-known/acme-challenge/muse.php HTTP/1.1" 404 27018 "-" "Mozilla/5.0 (Windows NT 10.0; Win64; x64) AppleWebKit/537.36 (KHTML, like Gecko) Chrome/120.0.0.0 Safari/537.36"
135.119.63.61 - - [03/Aug/2026:13:29:32 +0000] "GET /ab.php HTTP/1.1" 301 0 "-" "Mozilla/5.0 (Windows NT 10.0; Win64; x64) AppleWebKit/537.36 (KHTML, like Gecko) Chrome/120.0.0.0 Safari/537.36"
20.104.18.253 - - [03/Aug/2026:13:29:34 +0000] "GET /.well-known/bdkr28_61cohkhh.php HTTP/1.1" 404 26891 "-" "Mozilla/5.0 (Windows NT 10.0; Win64; x64) AppleWebKit/537.36 (KHTML, like Gecko) Chrome/120.0.0.0 Safari/537.36"
135.119.63.61 - - [03/Aug/2026:13:29:36 +0000] "GET /abc.php HTTP/1.1" 301 0 "-" "Mozilla/5.0 (Windows NT 10.0; Win64; x64) AppleWebKit/537.36 (KHTML, like Gecko) Chrome/120.0.0.0 Safari/537.36"
20.104.18.253 - - [03/Aug/2026:13:29:38 +0000] "GET /.well-known/class-wp-http-client.php HTTP/1.1" 404 26842 "-" "Mozilla/5.0 (Windows NT 10.0; Win64; x64) AppleWebKit/537.36 (KHTML, like Gecko) Chrome/120.0.0.0 Safari/537.36"
135.119.63.61 - - [03/Aug/2026:13:29:40 +0000] "GET /abcd.php HTTP/1.1" 301 0 "-" "Mozilla/5.0 (Windows NT 10.0; Win64; x64) AppleWebKit/537.36 (KHTML, like Gecko) Chrome/120.0.0.0 Safari/537.36"
20.104.18.253 - - [03/Aug/2026:13:29:43 +0000] "GET /.well-known/gecko-litespeed.php HTTP/1.1" 404 26889 "-" "Mozilla/5.0 (Windows NT 10.0; Win64; x64) AppleWebKit/537.36 (KHTML, like Gecko) Chrome/120.0.0.0 Safari/537.36"
135.119.63.61 - - [03/Aug/2026:13:29:44 +0000] "GET /about.php HTTP/1.1" 301 0 "-" "Mozilla/5.0 (Windows NT 10.0; Win64; x64) AppleWebKit/537.36 (KHTML, like Gecko) Chrome/120.0.0.0 Safari/537.36"
20.104.18.253 - - [03/Aug/2026:13:29:47 +0000] "GET /.well-known/index.php HTTP/1.1" 301 0 "-" "Mozilla/5.0 (Windows NT 10.0; Win64; x64) AppleWebKit/537.36 (KHTML, like Gecko) Chrome/120.0.0.0 Safari/537.36"
20.104.18.253 - - [03/Aug/2026:13:29:51 +0000] "GET /.well-known/ws.php HTTP/1.1" 404 26840 "-" "Mozilla/5.0 (Windows NT 10.0; Win64; x64) AppleWebKit/537.36 (KHTML, like Gecko) Chrome/120.0.0.0 Safari/537.36"
20.104.18.253 - - [03/Aug/2026:13:29:55 +0000] "GET /.xa/class-wp-http-client.php HTTP/1.1" 404 26839 "-" "Mozilla/5.0 (Windows NT 10.0; Win64; x64) AppleWebKit/537.36 (KHTML, like Gecko) Chrome/120.0.0.0 Safari/537.36"
20.104.18.253 - - [03/Aug/2026:13:30:00 +0000] "GET /0.php HTTP/1.1" 404 26820 "-" "Mozilla/5.0 (Windows NT 10.0; Win64; x64) AppleWebKit/537.36 (KHTML, like Gecko) Chrome/120.0.0.0 Safari/537.36"
198.23.58.167 - - [03/Aug/2026:13:30:09 +0000] "POST /wp-cron.php?doing_wp_cron=1785763809.3132910728454589843750 HTTP/1.1" 200 0 "-" "WordPress/6.7.1; https://jysaconstructora.com"
20.104.18.253 - - [03/Aug/2026:13:30:05 +0000] "GET /000.php HTTP/1.1" 404 26830 "-" "Mozilla/5.0 (Windows NT 10.0; Win64; x64) AppleWebKit/537.36 (KHTML, like Gecko) Chrome/120.0.0.0 Safari/537.36"
20.104.18.253 - - [03/Aug/2026:13:30:10 +0000] "GET /002.php HTTP/1.1" 404 26831 "-" "Mozilla/5.0 (Windows NT 10.0; Win64; x64) AppleWebKit/537.36 (KHTML, like Gecko) Chrome/120.0.0.0 Safari/537.36"
20.104.18.253 - - [03/Aug/2026:13:30:15 +0000] "GET /0x.php HTTP/1.1" 404 26852 "-" "Mozilla/5.0 (Windows NT 10.0; Win64; x64) AppleWebKit/537.36 (KHTML, like Gecko) Chrome/120.0.0.0 Safari/537.36"
20.104.18.253 - - [03/Aug/2026:13:30:19 +0000] "GET /0xd.php HTTP/1.1" 404 26830 "-" "Mozilla/5.0 (Windows NT 10.0; Win64; x64) AppleWebKit/537.36 (KHTML, like Gecko) Chrome/120.0.0.0 Safari/537.36"
20.104.18.253 - - [03/Aug/2026:13:30:23 +0000] "GET /1.php HTTP/1.1" 404 26820 "-" "Mozilla/5.0 (Windows NT 10.0; Win64; x64) AppleWebKit/537.36 (KHTML, like Gecko) Chrome/120.0.0.0 Safari/537.36"
20.104.18.253 - - [03/Aug/2026:13:30:28 +0000] "GET /100.php HTTP/1.1" 404 26830 "-" "Mozilla/5.0 (Windows NT 10.0; Win64; x64) AppleWebKit/537.36 (KHTML, like Gecko) Chrome/120.0.0.0 Safari/537.36"
20.104.18.253 - - [03/Aug/2026:13:30:33 +0000] "GET /12.php HTTP/1.1" 404 26851 "-" "Mozilla/5.0 (Windows NT 10.0; Win64; x64) AppleWebKit/537.36 (KHTML, like Gecko) Chrome/120.0.0.0 Safari/537.36"
20.104.18.253 - - [03/Aug/2026:13:30:37 +0000] "GET /123.php HTTP/1.1" 404 26830 "-" "Mozilla/5.0 (Windows NT 10.0; Win64; x64) AppleWebKit/537.36 (KHTML, like Gecko) Chrome/120.0.0.0 Safari/537.36"
20.104.18.253 - - [03/Aug/2026:13:30:41 +0000] "GET /13.php HTTP/1.1" 404 26853 "-" "Mozilla/5.0 (Windows NT 10.0; Win64; x64) AppleWebKit/537.36 (KHTML, like Gecko) Chrome/120.0.0.0 Safari/537.36"
20.104.18.253 - - [03/Aug/2026:13:30:46 +0000] "GET /133.php HTTP/1.1" 404 26830 "-" "Mozilla/5.0 (Windows NT 10.0; Win64; x64) AppleWebKit/537.36 (KHTML, like Gecko) Chrome/120.0.0.0 Safari/537.36"
20.104.18.253 - - [03/Aug/2026:13:30:51 +0000] "GET /155.php HTTP/1.1" 404 26830 "-" "Mozilla/5.0 (Windows NT 10.0; Win64; x64) AppleWebKit/537.36 (KHTML, like Gecko) Chrome/120.0.0.0 Safari/537.36"
20.104.18.253 - - [03/Aug/2026:13:30:55 +0000] "GET /166.php HTTP/1.1" 404 26830 "-" "Mozilla/5.0 (Windows NT 10.0; Win64; x64) AppleWebKit/537.36 (KHTML, like Gecko) Chrome/120.0.0.0 Safari/537.36"
20.104.18.253 - - [03/Aug/2026:13:31:00 +0000] "GET /2.php HTTP/1.1" 404 26820 "-" "Mozilla/5.0 (Windows NT 10.0; Win64; x64) AppleWebKit/537.36 (KHTML, like Gecko) Chrome/120.0.0.0 Safari/537.36"
20.104.18.253 - - [03/Aug/2026:13:31:04 +0000] "GET /2026w.php HTTP/1.1" 404 26843 "-" "Mozilla/5.0 (Windows NT 10.0; Win64; x64) AppleWebKit/537.36 (KHTML, like Gecko) Chrome/120.0.0.0 Safari/537.36"
20.104.18.253 - - [03/Aug/2026:13:31:09 +0000] "GET /222.php HTTP/1.1" 404 26830 "-" "Mozilla/5.0 (Windows NT 10.0; Win64; x64) AppleWebKit/537.36 (KHTML, like Gecko) Chrome/120.0.0.0 Safari/537.36"
20.104.18.253 - - [03/Aug/2026:13:31:13 +0000] "GET /2p.php HTTP/1.1" 404 26853 "-" "Mozilla/5.0 (Windows NT 10.0; Win64; x64) AppleWebKit/537.36 (KHTML, like Gecko) Chrome/120.0.0.0 Safari/537.36"
20.104.18.253 - - [03/Aug/2026:13:31:18 +0000] "GET /2p.update.php HTTP/1.1" 404 26824 "-" "Mozilla/5.0 (Windows NT 10.0; Win64; x64) AppleWebKit/537.36 (KHTML, like Gecko) Chrome/120.0.0.0 Safari/537.36"
20.104.18.253 - - [03/Aug/2026:13:31:23 +0000] "GET /3pjcpmfsd8b.php HTTP/1.1" 404 26853 "-" "Mozilla/5.0 (Windows NT 10.0; Win64; x64) AppleWebKit/537.36 (KHTML, like Gecko) Chrome/120.0.0.0 Safari/537.36"
20.104.18.253 - - [03/Aug/2026:13:31:27 +0000] "GET /403.php HTTP/1.1" 404 26829 "-" "Mozilla/5.0 (Windows NT 10.0; Win64; x64) AppleWebKit/537.36 (KHTML, like Gecko) Chrome/120.0.0.0 Safari/537.36"
20.104.18.253 - - [03/Aug/2026:13:31:32 +0000] "GET /404.php HTTP/1.1" 404 26829 "-" "Mozilla/5.0 (Windows NT 10.0; Win64; x64) AppleWebKit/537.36 (KHTML, like Gecko) Chrome/120.0.0.0 Safari/537.36"
20.215.191.139 - - [03/Aug/2026:12:36:50 +0000] "GET /k.php HTTP/1.1" 301 0 "-" "Mozilla/5.0 (Windows NT 10.0; Win64; x64) AppleWebKit/537.36 (KHTML, like Gecko) Chrome/120.0.0.0 Safari/537.36"
20.215.191.139 - - [03/Aug/2026:12:36:54 +0000] "GET /autoload_classmap.php HTTP/1.1" 301 0 "-" "Mozilla/5.0 (Windows NT 10.0; Win64; x64) AppleWebKit/537.36 (KHTML, like Gecko) Chrome/120.0.0.0 Safari/537.36"
20.215.191.139 - - [03/Aug/2026:12:36:58 +0000] "GET /profile.php HTTP/1.1" 301 0 "-" "Mozilla/5.0 (Windows NT 10.0; Win64; x64) AppleWebKit/537.36 (KHTML, like Gecko) Chrome/120.0.0.0 Safari/537.36"
20.215.191.139 - - [03/Aug/2026:12:37:02 +0000] "GET /server.php HTTP/1.1" 301 0 "-" "Mozilla/5.0 (Windows NT 10.0; Win64; x64) AppleWebKit/537.36 (KHTML, like Gecko) Chrome/120.0.0.0 Safari/537.36"
20.215.191.139 - - [03/Aug/2026:12:37:06 +0000] "GET /shell.php HTTP/1.1" 301 0 "-" "Mozilla/5.0 (Windows NT 10.0; Win64; x64) AppleWebKit/537.36 (KHTML, like Gecko) Chrome/120.0.0.0 Safari/537.36"
20.215.191.139 - - [03/Aug/2026:12:37:11 +0000] "GET /t.php HTTP/1.1" 301 0 "-" "Mozilla/5.0 (Windows NT 10.0; Win64; x64) AppleWebKit/537.36 (KHTML, like Gecko) Chrome/120.0.0.0 Safari/537.36"
20.215.191.139 - - [03/Aug/2026:12:37:15 +0000] "GET /hello.php HTTP/1.1" 301 0 "-" "Mozilla/5.0 (Windows NT 10.0; Win64; x64) AppleWebKit/537.36 (KHTML, like Gecko) Chrome/120.0.0.0 Safari/537.36"
20.215.191.139 - - [03/Aug/2026:12:37:19 +0000] "GET /themes.php HTTP/1.1" 301 0 "-" "Mozilla/5.0 (Windows NT 10.0; Win64; x64) AppleWebKit/537.36 (KHTML, like Gecko) Chrome/120.0.0.0 Safari/537.36"
216.26.225.73 - - [03/Aug/2026:12:50:31 +0000] "GET /xmlrpc.php HTTP/1.1" 401 53 "-" "Mozilla/5.0 (Windows NT 10.0; Win64; x64; rv:124.0) Gecko/20100101 Firefox/124.0"
198.23.58.167 - - [03/Aug/2026:12:50:35 +0000] "POST /wp-cron.php?doing_wp_cron=1785761435.9140129089355468750000 HTTP/1.1" 200 0 "-" "WordPress/6.7.1; https://jysaconstructora.com"
155.2.215.4 - - [03/Aug/2026:12:50:32 +0000] "GET / HTTP/1.1" 301 0 "-" "Mozilla/5.0 (X11; Linux x86_64) AppleWebKit/537.36 Chrome/120.0.0.0 Safari/537.36"
198.23.58.167 - - [03/Aug/2026:13:12:56 +0000] "POST /wp-cron.php?doing_wp_cron=1785762776.9027009010314941406250 HTTP/1.1" 200 0 "-" "WordPress/6.7.1; https://jysaconstructora.com"
198.23.58.167 - - [03/Aug/2026:13:26:26 +0000] "POST /wp-cron.php?doing_wp_cron=1785763586.8940789699554443359375 HTTP/1.1" 200 0 "-" "WordPress/6.7.1; https://jysaconstructora.com"
198.23.58.167 - - [03/Aug/2026:13:32:11 +0000] "POST /wp-cron.php?doing_wp_cron=1785763931.0835700035095214843750 HTTP/1.1" 200 0 "-" "WordPress/6.7.1; https://jysaconstructora.com"
104.251.181.106 - - [03/Aug/2026:13:32:57 +0000] "GET /wp-login.php HTTP/1.1" 404 3419 "https://www.facebook.com/" "Mozilla/5.0 (Macintosh; Intel Mac OS X 10_15_7) AppleWebKit/537.36 (KHTML, like Gecko) Chrome/121.0.0.0 Safari/537.36"
104.251.181.106 - - [03/Aug/2026:13:32:58 +0000] "GET /wp-login.php HTTP/1.1" 404 3419 "https://www.google.com/" "Mozilla/5.0 (Windows NT 11.0; Win64; x64; rv:118.0) Gecko/20100101 Firefox/118.0"
104.251.181.106 - - [03/Aug/2026:13:32:58 +0000] "GET /wp-admin/ HTTP/1.1" 404 3419 "https://duckduckgo.com/" "Mozilla/5.0 (Windows NT 10.0; Win64; x64) AppleWebKit/537.36 (KHTML, like Gecko) Chrome/119.0.0.0 Safari/537.36"
158.158.54.131 - - [03/Aug/2026:13:35:31 +0000] "GET /wp-Blogs.php HTTP/1.1" 404 3419 "-" "Mozilla/5.0 (Windows NT 10.0; Win64; x64) AppleWebKit/537.36 (KHTML, like Gecko) Chrome/120.0.0.0 Safari/537.36"
158.158.54.131 - - [03/Aug/2026:13:35:31 +0000] "GET /wp-content/min.php HTTP/1.1" 404 3419 "-" "Mozilla/5.0 (Windows NT 10.0; Win64; x64) AppleWebKit/537.36 (KHTML, like Gecko) Chrome/120.0.0.0 Safari/537.36"
158.158.54.131 - - [03/Aug/2026:13:35:31 +0000] "GET /ws37.php HTTP/1.1" 404 3419 "-" "Mozilla/5.0 (Windows NT 10.0; Win64; x64) AppleWebKit/537.36 (KHTML, like Gecko) Chrome/120.0.0.0 Safari/537.36"
158.158.54.131 - - [03/Aug/2026:13:35:32 +0000] "GET /wp-admin/network/ HTTP/1.1" 404 3419 "-" "Mozilla/5.0 (Windows NT 10.0; Win64; x64) AppleWebKit/537.36 (KHTML, like Gecko) Chrome/120.0.0.0 Safari/537.36"
158.158.54.131 - - [03/Aug/2026:13:35:32 +0000] "GET /wp.php HTTP/1.1" 404 3419 "-" "Mozilla/5.0 (Windows NT 10.0; Win64; x64) AppleWebKit/537.36 (KHTML, like Gecko) Chrome/120.0.0.0 Safari/537.36"
158.158.54.131 - - [03/Aug/2026:13:35:32 +0000] "GET /manager.php HTTP/1.1" 404 3419 "-" "Mozilla/5.0 (Windows NT 10.0; Win64; x64) AppleWebKit/537.36 (KHTML, like Gecko) Chrome/120.0.0.0 Safari/537.36"
158.158.54.131 - - [03/Aug/2026:13:35:32 +0000] "GET /wp-admin/js/index.php HTTP/1.1" 404 3419 "-" "Mozilla/5.0 (Windows NT 10.0; Win64; x64) AppleWebKit/537.36 (KHTML, like Gecko) Chrome/120.0.0.0 Safari/537.36"
