41.173.37.95 - - [03/Aug/2026:14:09:26 +0000] "POST /xmlrpc.php HTTP/1.1" 403 1242 "-" "Jetpack by WordPress.com (Jetpack 12.1; WordPress 6.4)"
41.173.37.95 - - [03/Aug/2026:14:09:36 +0000] "POST /xmlrpc.php HTTP/1.1" 403 1242 "-" "WordPress.com; https://wordpress.com"
41.173.37.95 - - [03/Aug/2026:14:09:47 +0000] "POST /xmlrpc.php HTTP/1.1" 403 1242 "-" "WordPress.com; https://wordpress.com"
41.173.37.95 - - [03/Aug/2026:14:09:57 +0000] "POST /xmlrpc.php HTTP/1.1" 403 1242 "-" "Jetpack by WordPress.com (Jetpack 12.0; WordPress 6.2)"
41.173.37.95 - - [03/Aug/2026:14:10:08 +0000] "POST /xmlrpc.php HTTP/1.1" 403 1242 "-" "Jetpack/12.5; WordPress/6.4; http://site72092268.com"
41.173.37.95 - - [03/Aug/2026:14:10:18 +0000] "POST /xmlrpc.php HTTP/1.1" 403 1242 "-" "Jetpack/13.0; WordPress/6.3; http://site17926545.com"
41.173.37.95 - - [03/Aug/2026:14:10:29 +0000] "POST /xmlrpc.php HTTP/1.1" 200 19 "-" "WordPress.com; https://wordpress.com"
41.173.37.95 - - [03/Aug/2026:14:10:40 +0000] "POST /xmlrpc.php HTTP/1.1" 403 1242 "-" "WordPress.com; https://wordpress.com"
41.173.37.95 - - [03/Aug/2026:14:10:50 +0000] "POST /xmlrpc.php HTTP/1.1" 403 1242 "-" "Jetpack by WordPress.com (Jetpack 12.5; WordPress 6.1)"
41.173.37.95 - - [03/Aug/2026:14:11:01 +0000] "POST /xmlrpc.php HTTP/1.1" 403 1242 "-" "Jetpack/12.5; WordPress/6.2; http://site20576953.com"
41.173.37.95 - - [03/Aug/2026:14:11:11 +0000] "POST /xmlrpc.php HTTP/1.1" 403 1242 "-" "WordPress.com; https://wordpress.com"
41.173.37.95 - - [03/Aug/2026:14:11:22 +0000] "POST /xmlrpc.php HTTP/1.1" 403 1242 "-" "Jetpack by WordPress.com"
41.173.37.95 - - [03/Aug/2026:14:11:32 +0000] "POST /xmlrpc.php HTTP/1.1" 403 1242 "-" "WordPress.com; https://wordpress.com"
41.173.37.95 - - [03/Aug/2026:14:11:43 +0000] "POST /xmlrpc.php HTTP/1.1" 403 1242 "-" "Jetpack by WordPress.com"
41.173.37.95 - - [03/Aug/2026:14:11:53 +0000] "POST /xmlrpc.php HTTP/1.1" 403 1242 "-" "Jetpack by WordPress.com (Jetpack 12.1; WordPress 6.4)"
41.173.37.95 - - [03/Aug/2026:14:12:04 +0000] "POST /xmlrpc.php HTTP/1.1" 403 1242 "-" "WordPress.com; https://wordpress.com"
41.173.37.95 - - [03/Aug/2026:14:12:14 +0000] "POST /xmlrpc.php HTTP/1.1" 403 1242 "-" "WordPress.com; https://wordpress.com"
41.173.37.95 - - [03/Aug/2026:14:12:25 +0000] "POST /xmlrpc.php HTTP/1.1" 403 1242 "-" "WordPress.com; https://wordpress.com"
41.173.37.95 - - [03/Aug/2026:14:12:35 +0000] "POST /xmlrpc.php HTTP/1.1" 403 1242 "-" "WordPress.com; https://wordpress.com"
4.246.181.2 - - [03/Aug/2026:13:53:48 +0000] "GET / HTTP/1.1" 200 43499 "-" "Mozilla/5.0 (Windows NT 10.0; Win64; x64) AppleWebKit/537.36 (KHTML, like Gecko) Chrome/145.0.0.0 Safari/537.36"
198.23.58.167 - - [03/Aug/2026:13:57:33 +0000] "POST /wp-admin/admin-ajax.php?action=async_litespeed&nonce=lULhT93r8dxMJ9Q1Ki6A0N2SiKYyEW2j&litespeed_type=imgoptm HTTP/1.1" 200 21 "-" "WordPress/7.0.2; https://jysainmobiliaria.com"
198.23.58.167 - - [03/Aug/2026:13:57:41 +0000] "POST /wp-cron.php?doing_wp_cron=1785765461.1872310638427734375000 HTTP/1.1" 200 0 "-" "WordPress/7.0.2; https://jysainmobiliaria.com"
98.85.223.94 - - [03/Aug/2026:13:59:32 +0000] "GET /resultados-de-la-busqueda-2/?es_category%5B0%5D=76&es_type%5B0%5D=77&state=83&province=84&city=85 HTTP/1.1" 200 47707 "-" "Mozilla/5.0 (Windows NT 10.0; Win64; x64) AppleWebKit/537.36 (KHTML, like Gecko) Chrome/86.0.4240.75 Safari/537.36"
98.85.223.94 - - [03/Aug/2026:13:59:53 +0000] "GET /wp-content/uploads/2024/04/3.jpg HTTP/1.1" 200 97896 "-" "Mozilla/5.0 (Windows NT 10.0; Win64; x64) AppleWebKit/537.36 (KHTML, like Gecko) Chrome/86.0.4240.75 Safari/537.36"
198.23.58.167 - - [03/Aug/2026:13:59:58 +0000] "POST /wp-cron.php?doing_wp_cron=1785765598.0391590595245361328125 HTTP/1.1" 200 0 "-" "WordPress/7.0.2; https://jysainmobiliaria.com"
198.23.58.167 - - [03/Aug/2026:13:59:58 +0000] "POST /wp-admin/admin-ajax.php?action=async_litespeed&nonce=NW0C7iBbtnsqudGVMyw7yyqHHmokoyl4&litespeed_type=imgoptm HTTP/1.1" 200 21 "-" "WordPress/7.0.2; https://jysainmobiliaria.com"
198.23.58.167 - - [03/Aug/2026:14:00:08 +0000] "POST /wp-cron.php?doing_wp_cron=1785765608.6017820835113525390625 HTTP/1.1" 200 0 "-" "WordPress/7.0.2; https://jysainmobiliaria.com"
198.23.58.167 - - [03/Aug/2026:14:02:04 +0000] "POST /wp-cron.php?doing_wp_cron=1785765724.4076840877532958984375 HTTP/1.1" 200 0 "-" "WordPress/7.0.2; https://jysainmobiliaria.com"
198.23.58.167 - - [03/Aug/2026:14:02:57 +0000] "POST /wp-cron.php?doing_wp_cron=1785765777.3491759300231933593750 HTTP/1.1" 200 0 "-" "WordPress/7.0.2; https://jysainmobiliaria.com"
198.23.58.167 - - [03/Aug/2026:14:04:01 +0000] "POST /wp-admin/admin-ajax.php?action=async_litespeed&nonce=meTdncXXGxj61JzrCOrWsfdpyvzPbaHH&litespeed_type=imgoptm HTTP/1.1" 200 21 "-" "WordPress/7.0.2; https://jysainmobiliaria.com"
198.23.58.167 - - [03/Aug/2026:14:04:11 +0000] "POST /wp-cron.php?doing_wp_cron=1785765851.6402990818023681640625 HTTP/1.1" 200 0 "-" "WordPress/7.0.2; https://jysainmobiliaria.com"
198.23.58.167 - - [03/Aug/2026:14:05:04 +0000] "POST /wp-cron.php?doing_wp_cron=1785765904.0965540409088134765625 HTTP/1.1" 200 0 "-" "WordPress/7.0.2; https://jysainmobiliaria.com"
198.23.58.167 - - [03/Aug/2026:14:05:05 +0000] "POST /wp-admin/admin-ajax.php?action=async_litespeed&nonce=iGykGAWfDpWsbwJLQj3YzRzXTGJfcftn&litespeed_type=imgoptm HTTP/1.1" 200 21 "-" "WordPress/7.0.2; https://jysainmobiliaria.com"
198.23.58.167 - - [03/Aug/2026:14:05:56 +0000] "POST /wp-cron.php?doing_wp_cron=1785765956.5064690113067626953125 HTTP/1.1" 200 0 "-" "WordPress/7.0.2; https://jysainmobiliaria.com"
98.85.223.94 - - [03/Aug/2026:14:07:11 +0000] "GET /?paged-1=3 HTTP/1.1" 200 59718 "-" "Mozilla/5.0 (Windows NT 10.0; Win64; x64) AppleWebKit/537.36 (KHTML, like Gecko) Chrome/86.0.4240.75 Safari/537.36"
41.173.37.95 - - [03/Aug/2026:14:07:20 +0000] "POST /xmlrpc.php HTTP/1.1" 403 1242 "-" "Jetpack by WordPress.com (Jetpack 13.0; WordPress 6.3)"
41.173.37.95 - - [03/Aug/2026:14:07:30 +0000] "POST /xmlrpc.php HTTP/1.1" 403 1242 "-" "Jetpack by WordPress.com (Jetpack 12.1; WordPress 6.4)"
41.173.37.95 - - [03/Aug/2026:14:07:40 +0000] "POST /xmlrpc.php HTTP/1.1" 403 1242 "-" "WordPress.com; https://wordpress.com"
198.23.58.167 - - [03/Aug/2026:14:19:03 +0000] "POST /wp-cron.php?doing_wp_cron=1785766743.4900360107421875000000 HTTP/1.1" 200 0 "-" "WordPress/7.0.2; https://jysainmobiliaria.com"
198.23.58.167 - - [03/Aug/2026:14:25:40 +0000] "POST /wp-cron.php?doing_wp_cron=1785767140.3861351013183593750000 HTTP/1.1" 200 0 "-" "WordPress/7.0.2; https://jysainmobiliaria.com"
94.74.106.194 - - [03/Aug/2026:14:25:29 +0000] "GET /ip HTTP/1.1" 404 102782 "-" "Mozilla/5.0 (Macintosh; Intel Mac OS X 10_15_7) AppleWebKit/537.36 (KHTML, like Gecko) Chrome/114.0.0.0 Safari/537.36"
20.226.5.174 - - [03/Aug/2026:14:29:30 +0000] "GET /.dj/index.php HTTP/1.1" 401 53 "-" "Mozilla/5.0 (Windows NT 10.0; Win64; x64) AppleWebKit/537.36 (KHTML, like Gecko) Chrome/120.0.0.0 Safari/537.36"
20.226.5.174 - - [03/Aug/2026:14:29:30 +0000] "GET /.tmb/ HTTP/1.1" 401 53 "-" "Mozilla/5.0 (Windows NT 10.0; Win64; x64) AppleWebKit/537.36 (KHTML, like Gecko) Chrome/120.0.0.0 Safari/537.36"
20.226.5.174 - - [03/Aug/2026:14:29:30 +0000] "GET /.vscode/class-wp-http-client.php HTTP/1.1" 401 53 "-" "Mozilla/5.0 (Windows NT 10.0; Win64; x64) AppleWebKit/537.36 (KHTML, like Gecko) Chrome/120.0.0.0 Safari/537.36"
20.226.5.174 - - [03/Aug/2026:14:29:30 +0000] "GET /.well-known/ HTTP/1.1" 401 53 "-" "Mozilla/5.0 (Windows NT 10.0; Win64; x64) AppleWebKit/537.36 (KHTML, like Gecko) Chrome/120.0.0.0 Safari/537.36"
20.226.5.174 - - [03/Aug/2026:14:29:31 +0000] "GET /.well-known/about.php HTTP/1.1" 401 53 "-" "Mozilla/5.0 (Windows NT 10.0; Win64; x64) AppleWebKit/537.36 (KHTML, like Gecko) Chrome/120.0.0.0 Safari/537.36"
20.226.5.174 - - [03/Aug/2026:14:29:31 +0000] "GET /.well-known/acme-challenge/ HTTP/1.1" 401 53 "-" "Mozilla/5.0 (Windows NT 10.0; Win64; x64) AppleWebKit/537.36 (KHTML, like Gecko) Chrome/120.0.0.0 Safari/537.36"
20.226.5.174 - - [03/Aug/2026:14:29:32 +0000] "GET /.well-known/acme-challenge/block-supports/ HTTP/1.1" 401 53 "-" "Mozilla/5.0 (Windows NT 10.0; Win64; x64) AppleWebKit/537.36 (KHTML, like Gecko) Chrome/120.0.0.0 Safari/537.36"
20.226.5.174 - - [03/Aug/2026:14:29:33 +0000] "GET /.well-known/acme-challenge/muse.php HTTP/1.1" 401 53 "-" "Mozilla/5.0 (Windows NT 10.0; Win64; x64) AppleWebKit/537.36 (KHTML, like Gecko) Chrome/120.0.0.0 Safari/537.36"
20.226.5.174 - - [03/Aug/2026:14:29:33 +0000] "GET /.well-known/bdkr28_61cohkhh.php HTTP/1.1" 401 53 "-" "Mozilla/5.0 (Windows NT 10.0; Win64; x64) AppleWebKit/537.36 (KHTML, like Gecko) Chrome/120.0.0.0 Safari/537.36"
20.226.5.174 - - [03/Aug/2026:14:29:34 +0000] "GET /.well-known/class-wp-http-client.php HTTP/1.1" 401 53 "-" "Mozilla/5.0 (Windows NT 10.0; Win64; x64) AppleWebKit/537.36 (KHTML, like Gecko) Chrome/120.0.0.0 Safari/537.36"
20.226.5.174 - - [03/Aug/2026:14:29:35 +0000] "GET /.well-known/gecko-litespeed.php HTTP/1.1" 401 53 "-" "Mozilla/5.0 (Windows NT 10.0; Win64; x64) AppleWebKit/537.36 (KHTML, like Gecko) Chrome/120.0.0.0 Safari/537.36"
20.226.5.174 - - [03/Aug/2026:14:29:36 +0000] "GET /.well-known/index.php HTTP/1.1" 401 53 "-" "Mozilla/5.0 (Windows NT 10.0; Win64; x64) AppleWebKit/537.36 (KHTML, like Gecko) Chrome/120.0.0.0 Safari/537.36"
20.226.5.174 - - [03/Aug/2026:14:29:37 +0000] "GET /.well-known/ws.php HTTP/1.1" 401 53 "-" "Mozilla/5.0 (Windows NT 10.0; Win64; x64) AppleWebKit/537.36 (KHTML, like Gecko) Chrome/120.0.0.0 Safari/537.36"
20.226.5.174 - - [03/Aug/2026:14:29:37 +0000] "GET /.xa/class-wp-http-client.php HTTP/1.1" 401 53 "-" "Mozilla/5.0 (Windows NT 10.0; Win64; x64) AppleWebKit/537.36 (KHTML, like Gecko) Chrome/120.0.0.0 Safari/537.36"
20.226.5.174 - - [03/Aug/2026:14:29:37 +0000] "GET /0.php HTTP/1.1" 401 53 "-" "Mozilla/5.0 (Windows NT 10.0; Win64; x64) AppleWebKit/537.36 (KHTML, like Gecko) Chrome/120.0.0.0 Safari/537.36"
20.226.5.174 - - [03/Aug/2026:14:29:37 +0000] "GET /000.php HTTP/1.1" 401 53 "-" "Mozilla/5.0 (Windows NT 10.0; Win64; x64) AppleWebKit/537.36 (KHTML, like Gecko) Chrome/120.0.0.0 Safari/537.36"
20.226.5.174 - - [03/Aug/2026:14:29:37 +0000] "GET /002.php HTTP/1.1" 401 53 "-" "Mozilla/5.0 (Windows NT 10.0; Win64; x64) AppleWebKit/537.36 (KHTML, like Gecko) Chrome/120.0.0.0 Safari/537.36"
20.226.5.174 - - [03/Aug/2026:14:29:38 +0000] "GET /0x.php HTTP/1.1" 401 53 "-" "Mozilla/5.0 (Windows NT 10.0; Win64; x64) AppleWebKit/537.36 (KHTML, like Gecko) Chrome/120.0.0.0 Safari/537.36"
20.226.5.174 - - [03/Aug/2026:14:29:38 +0000] "GET /0xd.php HTTP/1.1" 401 53 "-" "Mozilla/5.0 (Windows NT 10.0; Win64; x64) AppleWebKit/537.36 (KHTML, like Gecko) Chrome/120.0.0.0 Safari/537.36"
20.226.5.174 - - [03/Aug/2026:14:29:38 +0000] "GET /1.php HTTP/1.1" 401 53 "-" "Mozilla/5.0 (Windows NT 10.0; Win64; x64) AppleWebKit/537.36 (KHTML, like Gecko) Chrome/120.0.0.0 Safari/537.36"
20.226.5.174 - - [03/Aug/2026:14:29:38 +0000] "GET /100.php HTTP/1.1" 401 53 "-" "Mozilla/5.0 (Windows NT 10.0; Win64; x64) AppleWebKit/537.36 (KHTML, like Gecko) Chrome/120.0.0.0 Safari/537.36"
20.226.5.174 - - [03/Aug/2026:14:29:38 +0000] "GET /12.php HTTP/1.1" 401 53 "-" "Mozilla/5.0 (Windows NT 10.0; Win64; x64) AppleWebKit/537.36 (KHTML, like Gecko) Chrome/120.0.0.0 Safari/537.36"
20.226.5.174 - - [03/Aug/2026:14:29:39 +0000] "GET /123.php HTTP/1.1" 401 53 "-" "Mozilla/5.0 (Windows NT 10.0; Win64; x64) AppleWebKit/537.36 (KHTML, like Gecko) Chrome/120.0.0.0 Safari/537.36"
20.226.5.174 - - [03/Aug/2026:14:29:40 +0000] "GET /13.php HTTP/1.1" 401 53 "-" "Mozilla/5.0 (Windows NT 10.0; Win64; x64) AppleWebKit/537.36 (KHTML, like Gecko) Chrome/120.0.0.0 Safari/537.36"
20.226.5.174 - - [03/Aug/2026:14:29:40 +0000] "GET /133.php HTTP/1.1" 401 53 "-" "Mozilla/5.0 (Windows NT 10.0; Win64; x64) AppleWebKit/537.36 (KHTML, like Gecko) Chrome/120.0.0.0 Safari/537.36"
20.226.5.174 - - [03/Aug/2026:14:29:40 +0000] "GET /155.php HTTP/1.1" 401 53 "-" "Mozilla/5.0 (Windows NT 10.0; Win64; x64) AppleWebKit/537.36 (KHTML, like Gecko) Chrome/120.0.0.0 Safari/537.36"
20.226.5.174 - - [03/Aug/2026:14:29:40 +0000] "GET /166.php HTTP/1.1" 401 53 "-" "Mozilla/5.0 (Windows NT 10.0; Win64; x64) AppleWebKit/537.36 (KHTML, like Gecko) Chrome/120.0.0.0 Safari/537.36"
20.226.5.174 - - [03/Aug/2026:14:29:40 +0000] "GET /2.php HTTP/1.1" 401 53 "-" "Mozilla/5.0 (Windows NT 10.0; Win64; x64) AppleWebKit/537.36 (KHTML, like Gecko) Chrome/120.0.0.0 Safari/537.36"
20.226.5.174 - - [03/Aug/2026:14:29:41 +0000] "GET /2026w.php HTTP/1.1" 401 53 "-" "Mozilla/5.0 (Windows NT 10.0; Win64; x64) AppleWebKit/537.36 (KHTML, like Gecko) Chrome/120.0.0.0 Safari/537.36"
20.226.5.174 - - [03/Aug/2026:14:29:42 +0000] "GET /222.php HTTP/1.1" 401 53 "-" "Mozilla/5.0 (Windows NT 10.0; Win64; x64) AppleWebKit/537.36 (KHTML, like Gecko) Chrome/120.0.0.0 Safari/537.36"
20.226.5.174 - - [03/Aug/2026:14:29:42 +0000] "GET /2p.php HTTP/1.1" 401 53 "-" "Mozilla/5.0 (Windows NT 10.0; Win64; x64) AppleWebKit/537.36 (KHTML, like Gecko) Chrome/120.0.0.0 Safari/537.36"
20.226.5.174 - - [03/Aug/2026:14:29:42 +0000] "GET /2p.update.php HTTP/1.1" 401 53 "-" "Mozilla/5.0 (Windows NT 10.0; Win64; x64) AppleWebKit/537.36 (KHTML, like Gecko) Chrome/120.0.0.0 Safari/537.36"
20.226.5.174 - - [03/Aug/2026:14:29:42 +0000] "GET /3pjcpmfsd8b.php HTTP/1.1" 401 53 "-" "Mozilla/5.0 (Windows NT 10.0; Win64; x64) AppleWebKit/537.36 (KHTML, like Gecko) Chrome/120.0.0.0 Safari/537.36"
20.226.5.174 - - [03/Aug/2026:14:29:42 +0000] "GET /403.php HTTP/1.1" 401 53 "-" "Mozilla/5.0 (Windows NT 10.0; Win64; x64) AppleWebKit/537.36 (KHTML, like Gecko) Chrome/120.0.0.0 Safari/537.36"
20.226.5.174 - - [03/Aug/2026:14:29:43 +0000] "GET /404.php HTTP/1.1" 401 53 "-" "Mozilla/5.0 (Windows NT 10.0; Win64; x64) AppleWebKit/537.36 (KHTML, like Gecko) Chrome/120.0.0.0 Safari/537.36"
20.226.5.174 - - [03/Aug/2026:14:29:44 +0000] "GET /4pjcpmfsd8b.php HTTP/1.1" 401 53 "-" "Mozilla/5.0 (Windows NT 10.0; Win64; x64) AppleWebKit/537.36 (KHTML, like Gecko) Chrome/120.0.0.0 Safari/537.36"
20.226.5.174 - - [03/Aug/2026:14:29:44 +0000] "GET /666.php HTTP/1.1" 401 53 "-" "Mozilla/5.0 (Windows NT 10.0; Win64; x64) AppleWebKit/537.36 (KHTML, like Gecko) Chrome/120.0.0.0 Safari/537.36"
20.226.5.174 - - [03/Aug/2026:14:29:44 +0000] "GET /7.php HTTP/1.1" 401 53 "-" "Mozilla/5.0 (Windows NT 10.0; Win64; x64) AppleWebKit/537.36 (KHTML, like Gecko) Chrome/120.0.0.0 Safari/537.36"
41.173.37.95 - - [03/Aug/2026:14:12:46 +0000] "POST /xmlrpc.php HTTP/1.1" 403 1242 "-" "Jetpack by WordPress.com (Jetpack 12.1; WordPress 6.4)"
41.173.37.95 - - [03/Aug/2026:14:12:56 +0000] "POST /xmlrpc.php HTTP/1.1" 403 1242 "-" "WordPress.com; https://wordpress.com"
41.173.37.95 - - [03/Aug/2026:14:13:07 +0000] "POST /xmlrpc.php HTTP/1.1" 403 1242 "-" "Jetpack by WordPress.com"
41.173.37.95 - - [03/Aug/2026:14:13:17 +0000] "POST /xmlrpc.php HTTP/1.1" 403 1242 "-" "Jetpack by WordPress.com"
41.173.37.95 - - [03/Aug/2026:14:13:28 +0000] "POST /xmlrpc.php HTTP/1.1" 403 1242 "-" "Jetpack by WordPress.com (Jetpack 12.1; WordPress 6.2)"
41.173.37.95 - - [03/Aug/2026:14:13:38 +0000] "POST /xmlrpc.php HTTP/1.1" 403 1242 "-" "Jetpack by WordPress.com"
41.173.37.95 - - [03/Aug/2026:14:13:49 +0000] "POST /xmlrpc.php HTTP/1.1" 403 1242 "-" "Jetpack/13.0; WordPress/6.4; http://site85911870.com"
41.173.37.95 - - [03/Aug/2026:14:14:00 +0000] "POST /xmlrpc.php HTTP/1.1" 403 1242 "-" "Jetpack by WordPress.com (Jetpack 13.0; WordPress 6.3)"
41.173.37.95 - - [03/Aug/2026:14:14:10 +0000] "POST /xmlrpc.php HTTP/1.1" 403 1242 "-" "Jetpack by WordPress.com"
41.173.37.95 - - [03/Aug/2026:14:14:21 +0000] "POST /xmlrpc.php HTTP/1.1" 403 1242 "-" "Jetpack by WordPress.com (Jetpack 12.5; WordPress 6.4)"
41.173.37.95 - - [03/Aug/2026:14:14:31 +0000] "POST /xmlrpc.php HTTP/1.1" 403 1242 "-" "Jetpack by WordPress.com"
41.173.37.95 - - [03/Aug/2026:14:14:42 +0000] "POST /xmlrpc.php HTTP/1.1" 403 1242 "-" "Jetpack by WordPress.com"
41.173.37.95 - - [03/Aug/2026:14:14:52 +0000] "POST /xmlrpc.php HTTP/1.1" 403 1242 "-" "Jetpack by WordPress.com (Jetpack 12.1; WordPress 6.1)"
41.173.37.95 - - [03/Aug/2026:14:15:03 +0000] "POST /xmlrpc.php HTTP/1.1" 403 1242 "-" "Jetpack/12.5; WordPress/6.4; http://site31326581.com"
41.173.37.95 - - [03/Aug/2026:14:15:13 +0000] "POST /xmlrpc.php HTTP/1.1" 403 1242 "-" "Jetpack by WordPress.com (Jetpack 13.0; WordPress 6.1)"
41.173.37.95 - - [03/Aug/2026:14:15:24 +0000] "POST /xmlrpc.php HTTP/1.1" 403 1242 "-" "Jetpack by WordPress.com"
41.173.37.95 - - [03/Aug/2026:14:15:34 +0000] "POST /xmlrpc.php HTTP/1.1" 403 1242 "-" "Jetpack by WordPress.com (Jetpack 12.0; WordPress 6.2)"
41.173.37.95 - - [03/Aug/2026:14:15:45 +0000] "POST /xmlrpc.php HTTP/1.1" 403 1242 "-" "Jetpack by WordPress.com"
41.173.37.95 - - [03/Aug/2026:14:15:55 +0000] "POST /xmlrpc.php HTTP/1.1" 403 1242 "-" "Jetpack/12.5; WordPress/6.1; http://site32279324.com"
41.173.37.95 - - [03/Aug/2026:14:16:06 +0000] "POST /xmlrpc.php HTTP/1.1" 403 1242 "-" "WordPress.com; https://wordpress.com"
41.173.37.95 - - [03/Aug/2026:14:16:17 +0000] "POST /xmlrpc.php HTTP/1.1" 403 1242 "-" "Jetpack/13.0; WordPress/6.1; http://site45162563.com"
41.173.37.95 - - [03/Aug/2026:14:16:27 +0000] "POST /xmlrpc.php HTTP/1.1" 403 1242 "-" "Jetpack by WordPress.com"
41.173.37.95 - - [03/Aug/2026:14:16:38 +0000] "POST /xmlrpc.php HTTP/1.1" 403 1242 "-" "Jetpack by WordPress.com"
41.173.37.95 - - [03/Aug/2026:14:16:48 +0000] "POST /xmlrpc.php HTTP/1.1" 403 1242 "-" "Jetpack by WordPress.com"
194.233.86.244 - - [03/Aug/2026:14:19:04 +0000] "POST /wp-json/batch/v1 HTTP/1.1" 207 16 "-" "Mozilla/5.0 (compatible; wp2shell-audit/3.1)"
198.23.58.167 - - [03/Aug/2026:14:25:39 +0000] "POST /wp-admin/admin-ajax.php?action=async_litespeed&nonce=oLAdl7cvfPDzhRRWFSItITHXwAGerkeO&litespeed_type=imgoptm HTTP/1.1" 200 21 "-" "WordPress/7.0.2; https://jysainmobiliaria.com"
46.250.169.89 - - [03/Aug/2026:14:25:25 +0000] "GET /ip HTTP/1.1" 404 102782 "-" "Mozilla/5.0 (Macintosh; Intel Mac OS X 10_15_7) AppleWebKit/537.36 (KHTML, like Gecko) Chrome/114.0.0.0 Safari/537.36"
198.23.58.167 - - [03/Aug/2026:14:25:43 +0000] "POST /wp-cron.php?doing_wp_cron=1785767143.8831820487976074218750 HTTP/1.1" 200 0 "-" "WordPress/7.0.2; https://jysainmobiliaria.com"
188.239.14.45 - - [03/Aug/2026:14:25:30 +0000] "GET /ip HTTP/1.1" 404 65536 "-" "Mozilla/5.0 (Macintosh; Intel Mac OS X 10_15_7) AppleWebKit/537.36 (KHTML, like Gecko) Chrome/114.0.0.0 Safari/537.36"
198.23.58.167 - - [03/Aug/2026:14:10:31 +0000] "POST /wp-admin/admin-ajax.php?action=async_litespeed&nonce=gYwY0w7iU1nxg83hGHNfS1AWmxclxjZ2&litespeed_type=imgoptm HTTP/1.1" 200 21 "-" "WordPress/7.0.2; https://jysainmobiliaria.com"
216.73.216.11 - - [03/Aug/2026:14:12:02 +0000] "GET /robots.txt HTTP/2" 200 102 "-" "Mozilla/5.0 AppleWebKit/537.36 (KHTML, like Gecko; compatible; ClaudeBot/1.0; +claudebot@anthropic.com)"
98.85.223.94 - - [03/Aug/2026:14:13:41 +0000] "GET /libro-de-reclamaciones/ HTTP/1.1" 200 38208 "-" "Mozilla/5.0 (Windows NT 10.0; Win64; x64) AppleWebKit/537.36 (KHTML, like Gecko) Chrome/86.0.4240.75 Safari/537.36"
194.233.86.244 - - [03/Aug/2026:14:19:02 +0000] "POST /wp-json/batch/v1 HTTP/1.1" 207 16 "-" "Mozilla/5.0 (compatible; wp2shell-audit/3.1)"
198.23.58.167 - - [03/Aug/2026:14:19:04 +0000] "POST /wp-admin/admin-ajax.php?action=async_litespeed&nonce=NL8cPUkdNw5EHlrKtcgInZCBqQzpyOiB&litespeed_type=imgoptm HTTP/1.1" 200 21 "-" "WordPress/7.0.2; https://jysainmobiliaria.com"
194.233.86.244 - - [03/Aug/2026:14:19:06 +0000] "POST /wp-json/batch/v1 HTTP/1.1" 207 501 "-" "Mozilla/5.0 (compatible; wp2shell-audit/3.1)"
119.12.175.195 - - [03/Aug/2026:14:25:25 +0000] "GET /ip HTTP/1.1" 404 102782 "-" "Mozilla/5.0 (Macintosh; Intel Mac OS X 10_15_7) AppleWebKit/537.36 (KHTML, like Gecko) Chrome/114.0.0.0 Safari/537.36"
119.13.109.55 - - [03/Aug/2026:14:25:25 +0000] "GET /ip HTTP/1.1" 404 102782 "-" "Mozilla/5.0 (Macintosh; Intel Mac OS X 10_15_7) AppleWebKit/537.36 (KHTML, like Gecko) Chrome/114.0.0.0 Safari/537.36"
46.250.173.105 - - [03/Aug/2026:14:25:30 +0000] "GET /ip HTTP/1.1" 404 102782 "-" "Mozilla/5.0 (Macintosh; Intel Mac OS X 10_15_7) AppleWebKit/537.36 (KHTML, like Gecko) Chrome/114.0.0.0 Safari/537.36"
20.226.5.174 - - [03/Aug/2026:14:31:23 +0000] "GET /.dj/index.php HTTP/1.1" 301 0 "-" "Mozilla/5.0 (Windows NT 10.0; Win64; x64) AppleWebKit/537.36 (KHTML, like Gecko) Chrome/120.0.0.0 Safari/537.36"
198.23.58.167 - - [03/Aug/2026:14:31:26 +0000] "POST /wp-admin/admin-ajax.php?action=async_litespeed&nonce=wiodpoSwyPsFkY4bcPjYMZTlzZPoQykV&litespeed_type=imgoptm HTTP/1.1" 200 21 "-" "WordPress/7.0.2; https://jysainmobiliaria.com"
20.226.5.174 - - [03/Aug/2026:14:31:25 +0000] "GET /.tmb/ HTTP/1.1" 404 23472 "-" "Mozilla/5.0 (Windows NT 10.0; Win64; x64) AppleWebKit/537.36 (KHTML, like Gecko) Chrome/120.0.0.0 Safari/537.36"
20.226.5.174 - - [03/Aug/2026:14:31:32 +0000] "GET /.vscode/class-wp-http-client.php HTTP/1.1" 404 23486 "-" "Mozilla/5.0 (Windows NT 10.0; Win64; x64) AppleWebKit/537.36 (KHTML, like Gecko) Chrome/120.0.0.0 Safari/537.36"
20.226.5.174 - - [03/Aug/2026:14:31:39 +0000] "GET /.well-known/ HTTP/1.1" 200 663 "-" "Mozilla/5.0 (Windows NT 10.0; Win64; x64) AppleWebKit/537.36 (KHTML, like Gecko) Chrome/120.0.0.0 Safari/537.36"
20.226.5.174 - - [03/Aug/2026:14:31:39 +0000] "GET /.well-known/about.php HTTP/1.1" 404 23477 "-" "Mozilla/5.0 (Windows NT 10.0; Win64; x64) AppleWebKit/537.36 (KHTML, like Gecko) Chrome/120.0.0.0 Safari/537.36"
20.226.5.174 - - [03/Aug/2026:14:31:45 +0000] "GET /.well-known/acme-challenge/ HTTP/1.1" 200 557 "-" "Mozilla/5.0 (Windows NT 10.0; Win64; x64) AppleWebKit/537.36 (KHTML, like Gecko) Chrome/120.0.0.0 Safari/537.36"
20.226.5.174 - - [03/Aug/2026:14:31:46 +0000] "GET /.well-known/acme-challenge/block-supports/ HTTP/1.1" 404 23548 "-" "Mozilla/5.0 (Windows NT 10.0; Win64; x64) AppleWebKit/537.36 (KHTML, like Gecko) Chrome/120.0.0.0 Safari/537.36"
98.85.223.94 - - [03/Aug/2026:14:32:00 +0000] "GET /resultados-de-la-busqueda-2/?es_category%5B0%5D=2&es_type%5B0%5D=77&state=83&province=84 HTTP/1.1" 200 42256 "-" "Mozilla/5.0 (Windows NT 10.0; Win64; x64) AppleWebKit/537.36 (KHTML, like Gecko) Chrome/86.0.4240.75 Safari/537.36"
20.226.5.174 - - [03/Aug/2026:14:31:54 +0000] "GET /.well-known/acme-challenge/muse.php HTTP/1.1" 404 23540 "-" "Mozilla/5.0 (Windows NT 10.0; Win64; x64) AppleWebKit/537.36 (KHTML, like Gecko) Chrome/120.0.0.0 Safari/537.36"
98.85.223.94 - - [03/Aug/2026:14:32:00 +0000] "GET /wp-content/uploads/2024/04/D06.jpg HTTP/1.1" 200 97896 "-" "Mozilla/5.0 (Windows NT 10.0; Win64; x64) AppleWebKit/537.36 (KHTML, like Gecko) Chrome/86.0.4240.75 Safari/537.36"
20.226.5.174 - - [03/Aug/2026:14:32:00 +0000] "GET /.well-known/bdkr28_61cohkhh.php HTTP/1.1" 404 23483 "-" "Mozilla/5.0 (Windows NT 10.0; Win64; x64) AppleWebKit/537.36 (KHTML, like Gecko) Chrome/120.0.0.0 Safari/537.36"
20.226.5.174 - - [03/Aug/2026:14:32:08 +0000] "GET /.well-known/class-wp-http-client.php HTTP/1.1" 404 23481 "-" "Mozilla/5.0 (Windows NT 10.0; Win64; x64) AppleWebKit/537.36 (KHTML, like Gecko) Chrome/120.0.0.0 Safari/537.36"
20.226.5.174 - - [03/Aug/2026:14:32:14 +0000] "GET /.well-known/gecko-litespeed.php HTTP/1.1" 404 23482 "-" "Mozilla/5.0 (Windows NT 10.0; Win64; x64) AppleWebKit/537.36 (KHTML, like Gecko) Chrome/120.0.0.0 Safari/537.36"
190.92.230.105 - - [03/Aug/2026:14:32:22 +0000] "GET /ip HTTP/1.1" 404 102782 "-" "Mozilla/5.0 (Macintosh; Intel Mac OS X 10_15_7) AppleWebKit/537.36 (KHTML, like Gecko) Chrome/114.0.0.0 Safari/537.36"
114.119.191.246 - - [03/Aug/2026:14:32:23 +0000] "GET /ip HTTP/1.1" 404 102782 "-" "Mozilla/5.0 (Macintosh; Intel Mac OS X 10_15_7) AppleWebKit/537.36 (KHTML, like Gecko) Chrome/114.0.0.0 Safari/537.36"
20.226.5.174 - - [03/Aug/2026:14:32:22 +0000] "GET /.well-known/index.php HTTP/1.1" 301 0 "-" "Mozilla/5.0 (Windows NT 10.0; Win64; x64) AppleWebKit/537.36 (KHTML, like Gecko) Chrome/120.0.0.0 Safari/537.36"
20.226.5.174 - - [03/Aug/2026:14:32:24 +0000] "GET /.well-known/ws.php HTTP/1.1" 404 23466 "-" "Mozilla/5.0 (Windows NT 10.0; Win64; x64) AppleWebKit/537.36 (KHTML, like Gecko) Chrome/120.0.0.0 Safari/537.36"
20.226.5.174 - - [03/Aug/2026:14:32:32 +0000] "GET /.xa/class-wp-http-client.php HTTP/1.1" 404 23475 "-" "Mozilla/5.0 (Windows NT 10.0; Win64; x64) AppleWebKit/537.36 (KHTML, like Gecko) Chrome/120.0.0.0 Safari/537.36"
20.226.5.174 - - [03/Aug/2026:14:32:38 +0000] "GET /0.php HTTP/1.1" 404 23464 "-" "Mozilla/5.0 (Windows NT 10.0; Win64; x64) AppleWebKit/537.36 (KHTML, like Gecko) Chrome/120.0.0.0 Safari/537.36"
20.226.5.174 - - [03/Aug/2026:14:32:45 +0000] "GET /000.php HTTP/1.1" 404 23461 "-" "Mozilla/5.0 (Windows NT 10.0; Win64; x64) AppleWebKit/537.36 (KHTML, like Gecko) Chrome/120.0.0.0 Safari/537.36"
198.23.58.167 - - [03/Aug/2026:14:32:59 +0000] "POST /wp-cron.php?doing_wp_cron=1785767579.3120119571685791015625 HTTP/1.1" 200 0 "-" "WordPress/7.0.2; https://jysainmobiliaria.com"
20.226.5.174 - - [03/Aug/2026:14:32:53 +0000] "GET /002.php HTTP/1.1" 404 23462 "-" "Mozilla/5.0 (Windows NT 10.0; Win64; x64) AppleWebKit/537.36 (KHTML, like Gecko) Chrome/120.0.0.0 Safari/537.36"
198.23.58.167 - - [03/Aug/2026:14:33:00 +0000] "POST /wp-admin/admin-ajax.php?action=async_litespeed&nonce=IIPbG9SLQTGfb617C4EszZbczUy0Xkhe&litespeed_type=imgoptm HTTP/1.1" 200 21 "-" "WordPress/7.0.2; https://jysainmobiliaria.com"
20.226.5.174 - - [03/Aug/2026:14:32:59 +0000] "GET /0x.php HTTP/1.1" 404 23454 "-" "Mozilla/5.0 (Windows NT 10.0; Win64; x64) AppleWebKit/537.36 (KHTML, like Gecko) Chrome/120.0.0.0 Safari/537.36"
20.226.5.174 - - [03/Aug/2026:14:33:07 +0000] "GET /0xd.php HTTP/1.1" 404 23460 "-" "Mozilla/5.0 (Windows NT 10.0; Win64; x64) AppleWebKit/537.36 (KHTML, like Gecko) Chrome/120.0.0.0 Safari/537.36"
20.226.5.174 - - [03/Aug/2026:14:33:14 +0000] "GET /1.php HTTP/1.1" 404 23465 "-" "Mozilla/5.0 (Windows NT 10.0; Win64; x64) AppleWebKit/537.36 (KHTML, like Gecko) Chrome/120.0.0.0 Safari/537.36"
20.226.5.174 - - [03/Aug/2026:14:33:21 +0000] "GET /100.php HTTP/1.1" 404 23460 "-" "Mozilla/5.0 (Windows NT 10.0; Win64; x64) AppleWebKit/537.36 (KHTML, like Gecko) Chrome/120.0.0.0 Safari/537.36"
20.226.5.174 - - [03/Aug/2026:14:33:27 +0000] "GET /12.php HTTP/1.1" 404 23453 "-" "Mozilla/5.0 (Windows NT 10.0; Win64; x64) AppleWebKit/537.36 (KHTML, like Gecko) Chrome/120.0.0.0 Safari/537.36"
20.226.5.174 - - [03/Aug/2026:14:29:44 +0000] "GET /8.php HTTP/1.1" 401 53 "-" "Mozilla/5.0 (Windows NT 10.0; Win64; x64) AppleWebKit/537.36 (KHTML, like Gecko) Chrome/120.0.0.0 Safari/537.36"
20.226.5.174 - - [03/Aug/2026:14:29:45 +0000] "GET /87.php HTTP/1.1" 401 53 "-" "Mozilla/5.0 (Windows NT 10.0; Win64; x64) AppleWebKit/537.36 (KHTML, like Gecko) Chrome/120.0.0.0 Safari/537.36"
20.226.5.174 - - [03/Aug/2026:14:29:46 +0000] "GET /99.php HTTP/1.1" 401 53 "-" "Mozilla/5.0 (Windows NT 10.0; Win64; x64) AppleWebKit/537.36 (KHTML, like Gecko) Chrome/120.0.0.0 Safari/537.36"
20.226.5.174 - - [03/Aug/2026:14:29:46 +0000] "GET /a.php HTTP/1.1" 401 53 "-" "Mozilla/5.0 (Windows NT 10.0; Win64; x64) AppleWebKit/537.36 (KHTML, like Gecko) Chrome/120.0.0.0 Safari/537.36"
20.226.5.174 - - [03/Aug/2026:14:29:46 +0000] "GET /a4.php HTTP/1.1" 401 53 "-" "Mozilla/5.0 (Windows NT 10.0; Win64; x64) AppleWebKit/537.36 (KHTML, like Gecko) Chrome/120.0.0.0 Safari/537.36"
20.226.5.174 - - [03/Aug/2026:14:29:46 +0000] "GET /a7.php HTTP/1.1" 401 53 "-" "Mozilla/5.0 (Windows NT 10.0; Win64; x64) AppleWebKit/537.36 (KHTML, like Gecko) Chrome/120.0.0.0 Safari/537.36"
20.226.5.174 - - [03/Aug/2026:14:29:46 +0000] "GET /aa.php HTTP/1.1" 401 53 "-" "Mozilla/5.0 (Windows NT 10.0; Win64; x64) AppleWebKit/537.36 (KHTML, like Gecko) Chrome/120.0.0.0 Safari/537.36"
20.226.5.174 - - [03/Aug/2026:14:29:47 +0000] "GET /aaa.php HTTP/1.1" 401 53 "-" "Mozilla/5.0 (Windows NT 10.0; Win64; x64) AppleWebKit/537.36 (KHTML, like Gecko) Chrome/120.0.0.0 Safari/537.36"
20.226.5.174 - - [03/Aug/2026:14:29:48 +0000] "GET /ab.php HTTP/1.1" 401 53 "-" "Mozilla/5.0 (Windows NT 10.0; Win64; x64) AppleWebKit/537.36 (KHTML, like Gecko) Chrome/120.0.0.0 Safari/537.36"
20.226.5.174 - - [03/Aug/2026:14:29:48 +0000] "GET /abc.php HTTP/1.1" 401 53 "-" "Mozilla/5.0 (Windows NT 10.0; Win64; x64) AppleWebKit/537.36 (KHTML, like Gecko) Chrome/120.0.0.0 Safari/537.36"
20.226.5.174 - - [03/Aug/2026:14:29:48 +0000] "GET /abcd.php HTTP/1.1" 401 53 "-" "Mozilla/5.0 (Windows NT 10.0; Win64; x64) AppleWebKit/537.36 (KHTML, like Gecko) Chrome/120.0.0.0 Safari/537.36"
20.226.5.174 - - [03/Aug/2026:14:29:48 +0000] "GET /about.php HTTP/1.1" 401 53 "-" "Mozilla/5.0 (Windows NT 10.0; Win64; x64) AppleWebKit/537.36 (KHTML, like Gecko) Chrome/120.0.0.0 Safari/537.36"
198.23.58.167 - - [03/Aug/2026:14:31:24 +0000] "POST /wp-cron.php?doing_wp_cron=1785767484.9215381145477294921875 HTTP/1.1" 200 0 "-" "WordPress/7.0.2; https://jysainmobiliaria.com"
98.85.223.94 - - [03/Aug/2026:14:32:00 +0000] "GET /property/luxurious-apartment-at-ocean-drive-4/ HTTP/1.1" 200 47456 "-" "Mozilla/5.0 (Windows NT 10.0; Win64; x64) AppleWebKit/537.36 (KHTML, like Gecko) Chrome/86.0.4240.75 Safari/537.36"
98.85.223.94 - - [03/Aug/2026:14:32:00 +0000] "GET /wp-content/uploads/2024/04/D04.jpg HTTP/1.1" 200 262144 "-" "Mozilla/5.0 (Windows NT 10.0; Win64; x64) AppleWebKit/537.36 (KHTML, like Gecko) Chrome/86.0.4240.75 Safari/537.36"
198.23.58.167 - - [03/Aug/2026:14:32:01 +0000] "POST /wp-admin/admin-ajax.php?action=async_litespeed&nonce=gmHTfs03IndU3fisjCuJxQhrw7uwvnI6&litespeed_type=imgoptm HTTP/1.1" 200 21 "-" "WordPress/7.0.2; https://jysainmobiliaria.com"
98.85.223.94 - - [03/Aug/2026:14:32:10 +0000] "GET /property/luxurious-apartment-at-ocean-drive-4/ HTTP/1.1" 200 47456 "-" "Mozilla/5.0 (Windows NT 10.0; Win64; x64) AppleWebKit/537.36 (KHTML, like Gecko) Chrome/86.0.4240.75 Safari/537.36"
198.23.58.167 - - [03/Aug/2026:14:32:14 +0000] "POST /wp-cron.php?doing_wp_cron=1785767534.5712189674377441406250 HTTP/1.1" 200 0 "-" "WordPress/7.0.2; https://jysainmobiliaria.com"
149.232.133.17 - - [03/Aug/2026:14:32:23 +0000] "GET /ip HTTP/1.1" 404 102782 "-" "Mozilla/5.0 (Macintosh; Intel Mac OS X 10_15_7) AppleWebKit/537.36 (KHTML, like Gecko) Chrome/114.0.0.0 Safari/537.36"
198.23.58.167 - - [03/Aug/2026:14:32:38 +0000] "POST /wp-cron.php?doing_wp_cron=1785767558.5933110713958740234375 HTTP/1.1" 200 0 "-" "WordPress/7.0.2; https://jysainmobiliaria.com"
198.23.58.167 - - [03/Aug/2026:14:34:00 +0000] "POST /wp-cron.php?doing_wp_cron=1785767640.3787930011749267578125 HTTP/1.1" 200 0 "-" "WordPress/7.0.2; https://jysainmobiliaria.com"
98.85.223.94 - - [03/Aug/2026:14:32:00 +0000] "GET /resultados-de-la-busqueda-2/?es_category%5B0%5D=2&es_type%5B0%5D=77&state=83 HTTP/1.1" 200 42234 "-" "Mozilla/5.0 (Windows NT 10.0; Win64; x64) AppleWebKit/537.36 (KHTML, like Gecko) Chrome/86.0.4240.75 Safari/537.36"
198.23.58.167 - - [03/Aug/2026:14:32:00 +0000] "POST /wp-cron.php?doing_wp_cron=1785767520.5230400562286376953125 HTTP/1.1" 200 0 "-" "WordPress/7.0.2; https://jysainmobiliaria.com"
198.23.58.167 - - [03/Aug/2026:14:33:14 +0000] "POST /wp-cron.php?doing_wp_cron=1785767594.1139090061187744140625 HTTP/1.1" 200 0 "-" "WordPress/7.0.2; https://jysainmobiliaria.com"
198.23.58.167 - - [03/Aug/2026:14:34:01 +0000] "POST /wp-admin/admin-ajax.php?action=async_litespeed&nonce=sKiBGW2h4xURcDSdrwPfS2YSfCApTZfD&litespeed_type=imgoptm HTTP/1.1" 200 21 "-" "WordPress/7.0.2; https://jysainmobiliaria.com"
20.226.5.174 - - [03/Aug/2026:14:33:34 +0000] "GET /123.php HTTP/1.1" 404 23461 "-" "Mozilla/5.0 (Windows NT 10.0; Win64; x64) AppleWebKit/537.36 (KHTML, like Gecko) Chrome/120.0.0.0 Safari/537.36"
20.226.5.174 - - [03/Aug/2026:14:33:41 +0000] "GET /13.php HTTP/1.1" 404 23455 "-" "Mozilla/5.0 (Windows NT 10.0; Win64; x64) AppleWebKit/537.36 (KHTML, like Gecko) Chrome/120.0.0.0 Safari/537.36"
20.226.5.174 - - [03/Aug/2026:14:33:47 +0000] "GET /133.php HTTP/1.1" 404 23459 "-" "Mozilla/5.0 (Windows NT 10.0; Win64; x64) AppleWebKit/537.36 (KHTML, like Gecko) Chrome/120.0.0.0 Safari/537.36"
20.226.5.174 - - [03/Aug/2026:14:33:54 +0000] "GET /155.php HTTP/1.1" 404 23460 "-" "Mozilla/5.0 (Windows NT 10.0; Win64; x64) AppleWebKit/537.36 (KHTML, like Gecko) Chrome/120.0.0.0 Safari/537.36"
20.226.5.174 - - [03/Aug/2026:14:34:00 +0000] "GET /166.php HTTP/1.1" 404 23457 "-" "Mozilla/5.0 (Windows NT 10.0; Win64; x64) AppleWebKit/537.36 (KHTML, like Gecko) Chrome/120.0.0.0 Safari/537.36"
198.23.58.167 - - [03/Aug/2026:14:34:15 +0000] "POST /wp-cron.php?doing_wp_cron=1785767655.3210349082946777343750 HTTP/1.1" 200 0 "-" "WordPress/7.0.2; https://jysainmobiliaria.com"
20.226.5.174 - - [03/Aug/2026:14:34:09 +0000] "GET /2.php HTTP/1.1" 404 23464 "-" "Mozilla/5.0 (Windows NT 10.0; Win64; x64) AppleWebKit/537.36 (KHTML, like Gecko) Chrome/120.0.0.0 Safari/537.36"
20.226.5.174 - - [03/Aug/2026:14:34:15 +0000] "GET /2026w.php HTTP/1.1" 404 23459 "-" "Mozilla/5.0 (Windows NT 10.0; Win64; x64) AppleWebKit/537.36 (KHTML, like Gecko) Chrome/120.0.0.0 Safari/537.36"
20.226.5.174 - - [03/Aug/2026:14:34:22 +0000] "GET /222.php HTTP/1.1" 404 23460 "-" "Mozilla/5.0 (Windows NT 10.0; Win64; x64) AppleWebKit/537.36 (KHTML, like Gecko) Chrome/120.0.0.0 Safari/537.36"
20.226.5.174 - - [03/Aug/2026:14:34:29 +0000] "GET /2p.php HTTP/1.1" 404 23453 "-" "Mozilla/5.0 (Windows NT 10.0; Win64; x64) AppleWebKit/537.36 (KHTML, like Gecko) Chrome/120.0.0.0 Safari/537.36"
20.226.5.174 - - [03/Aug/2026:14:34:36 +0000] "GET /2p.update.php HTTP/1.1" 404 23461 "-" "Mozilla/5.0 (Windows NT 10.0; Win64; x64) AppleWebKit/537.36 (KHTML, like Gecko) Chrome/120.0.0.0 Safari/537.36"
20.226.5.174 - - [03/Aug/2026:14:34:42 +0000] "GET /3pjcpmfsd8b.php HTTP/1.1" 404 23474 "-" "Mozilla/5.0 (Windows NT 10.0; Win64; x64) AppleWebKit/537.36 (KHTML, like Gecko) Chrome/120.0.0.0 Safari/537.36"
20.226.5.174 - - [03/Aug/2026:14:34:49 +0000] "GET /403.php HTTP/1.1" 404 23462 "-" "Mozilla/5.0 (Windows NT 10.0; Win64; x64) AppleWebKit/537.36 (KHTML, like Gecko) Chrome/120.0.0.0 Safari/537.36"
20.226.5.174 - - [03/Aug/2026:14:34:55 +0000] "GET /404.php HTTP/1.1" 404 23458 "-" "Mozilla/5.0 (Windows NT 10.0; Win64; x64) AppleWebKit/537.36 (KHTML, like Gecko) Chrome/120.0.0.0 Safari/537.36"
20.226.5.174 - - [03/Aug/2026:14:35:03 +0000] "GET /4pjcpmfsd8b.php HTTP/1.1" 404 23469 "-" "Mozilla/5.0 (Windows NT 10.0; Win64; x64) AppleWebKit/537.36 (KHTML, like Gecko) Chrome/120.0.0.0 Safari/537.36"
20.226.5.174 - - [03/Aug/2026:14:35:10 +0000] "GET /666.php HTTP/1.1" 404 23458 "-" "Mozilla/5.0 (Windows NT 10.0; Win64; x64) AppleWebKit/537.36 (KHTML, like Gecko) Chrome/120.0.0.0 Safari/537.36"
20.226.5.174 - - [03/Aug/2026:14:35:17 +0000] "GET /7.php HTTP/1.1" 404 23464 "-" "Mozilla/5.0 (Windows NT 10.0; Win64; x64) AppleWebKit/537.36 (KHTML, like Gecko) Chrome/120.0.0.0 Safari/537.36"
20.226.5.174 - - [03/Aug/2026:14:35:24 +0000] "GET /8.php HTTP/1.1" 404 23464 "-" "Mozilla/5.0 (Windows NT 10.0; Win64; x64) AppleWebKit/537.36 (KHTML, like Gecko) Chrome/120.0.0.0 Safari/537.36"
20.226.5.174 - - [03/Aug/2026:14:35:31 +0000] "GET /87.php HTTP/1.1" 404 23450 "-" "Mozilla/5.0 (Windows NT 10.0; Win64; x64) AppleWebKit/537.36 (KHTML, like Gecko) Chrome/120.0.0.0 Safari/537.36"
20.226.5.174 - - [03/Aug/2026:14:35:37 +0000] "GET /99.php HTTP/1.1" 404 23453 "-" "Mozilla/5.0 (Windows NT 10.0; Win64; x64) AppleWebKit/537.36 (KHTML, like Gecko) Chrome/120.0.0.0 Safari/537.36"
20.226.5.174 - - [03/Aug/2026:14:35:44 +0000] "GET /a.php HTTP/1.1" 404 23466 "-" "Mozilla/5.0 (Windows NT 10.0; Win64; x64) AppleWebKit/537.36 (KHTML, like Gecko) Chrome/120.0.0.0 Safari/537.36"
20.226.5.174 - - [03/Aug/2026:14:35:51 +0000] "GET /a4.php HTTP/1.1" 404 23455 "-" "Mozilla/5.0 (Windows NT 10.0; Win64; x64) AppleWebKit/537.36 (KHTML, like Gecko) Chrome/120.0.0.0 Safari/537.36"
20.226.5.174 - - [03/Aug/2026:14:35:57 +0000] "GET /a7.php HTTP/1.1" 404 23455 "-" "Mozilla/5.0 (Windows NT 10.0; Win64; x64) AppleWebKit/537.36 (KHTML, like Gecko) Chrome/120.0.0.0 Safari/537.36"
20.226.5.174 - - [03/Aug/2026:14:36:05 +0000] "GET /aa.php HTTP/1.1" 404 23455 "-" "Mozilla/5.0 (Windows NT 10.0; Win64; x64) AppleWebKit/537.36 (KHTML, like Gecko) Chrome/120.0.0.0 Safari/537.36"
20.226.5.174 - - [03/Aug/2026:14:36:11 +0000] "GET /aaa.php HTTP/1.1" 404 23459 "-" "Mozilla/5.0 (Windows NT 10.0; Win64; x64) AppleWebKit/537.36 (KHTML, like Gecko) Chrome/120.0.0.0 Safari/537.36"
20.226.5.174 - - [03/Aug/2026:14:36:19 +0000] "GET /ab.php HTTP/1.1" 404 23456 "-" "Mozilla/5.0 (Windows NT 10.0; Win64; x64) AppleWebKit/537.36 (KHTML, like Gecko) Chrome/120.0.0.0 Safari/537.36"
198.23.58.167 - - [03/Aug/2026:14:34:57 +0000] "POST /wp-admin/admin-ajax.php?action=async_litespeed&nonce=9P8K0Baz1OLRQxrshgZuLkxN1Rx4WmXA&litespeed_type=imgoptm HTTP/1.1" 200 21 "-" "WordPress/7.0.2; https://jysainmobiliaria.com"
198.23.58.167 - - [03/Aug/2026:14:35:58 +0000] "POST /wp-admin/admin-ajax.php?action=async_litespeed&nonce=MRA3wibLJfC2p4v5ARV5PXaEdrlmT3oS&litespeed_type=imgoptm HTTP/1.1" 200 21 "-" "WordPress/7.0.2; https://jysainmobiliaria.com"
198.23.58.167 - - [03/Aug/2026:14:34:55 +0000] "POST /wp-cron.php?doing_wp_cron=1785767695.3042509555816650390625 HTTP/1.1" 200 0 "-" "WordPress/7.0.2; https://jysainmobiliaria.com"
198.23.58.167 - - [03/Aug/2026:14:35:10 +0000] "POST /wp-cron.php?doing_wp_cron=1785767710.0554459095001220703125 HTTP/1.1" 200 0 "-" "WordPress/7.0.2; https://jysainmobiliaria.com"
198.23.58.167 - - [03/Aug/2026:14:35:57 +0000] "POST /wp-cron.php?doing_wp_cron=1785767757.5109879970550537109375 HTTP/1.1" 200 0 "-" "WordPress/7.0.2; https://jysainmobiliaria.com"
198.23.58.167 - - [03/Aug/2026:14:36:11 +0000] "POST /wp-cron.php?doing_wp_cron=1785767771.3255419731140136718750 HTTP/1.1" 200 0 "-" "WordPress/7.0.2; https://jysainmobiliaria.com"
198.23.58.167 - - [03/Aug/2026:14:35:44 +0000] "POST /wp-cron.php?doing_wp_cron=1785767744.1193261146545410156250 HTTP/1.1" 200 0 "-" "WordPress/7.0.2; https://jysainmobiliaria.com"
20.226.5.174 - - [03/Aug/2026:14:36:26 +0000] "GET /abc.php HTTP/1.1" 404 23464 "-" "Mozilla/5.0 (Windows NT 10.0; Win64; x64) AppleWebKit/537.36 (KHTML, like Gecko) Chrome/120.0.0.0 Safari/537.36"
20.226.5.174 - - [03/Aug/2026:14:36:33 +0000] "GET /abcd.php HTTP/1.1" 404 23462 "-" "Mozilla/5.0 (Windows NT 10.0; Win64; x64) AppleWebKit/537.36 (KHTML, like Gecko) Chrome/120.0.0.0 Safari/537.36"
20.226.5.174 - - [03/Aug/2026:14:36:40 +0000] "GET /about.php HTTP/1.1" 404 23459 "-" "Mozilla/5.0 (Windows NT 10.0; Win64; x64) AppleWebKit/537.36 (KHTML, like Gecko) Chrome/120.0.0.0 Safari/537.36"
98.85.223.94 - - [03/Aug/2026:14:41:53 +0000] "GET /property/luxurious-apartment-at-ocean-drive-8/ HTTP/1.1" 200 47495 "-" "Mozilla/5.0 (Windows NT 10.0; Win64; x64) AppleWebKit/537.36 (KHTML, like Gecko) Chrome/86.0.4240.75 Safari/537.36"
198.23.58.167 - - [03/Aug/2026:14:42:13 +0000] "POST /wp-admin/admin-ajax.php?action=async_litespeed&nonce=tuUTLdqhA1IcfQ3ZAPozaavFfNb5TC7p&litespeed_type=imgoptm HTTP/1.1" 200 21 "-" "WordPress/7.0.2; https://jysainmobiliaria.com"
114.119.129.218 - - [03/Aug/2026:14:43:00 +0000] "GET /location/miami-dade-county/ HTTP/1.1" 200 40790 "https://jysainmobiliaria.com/location/miami-dade-county/" "Mozilla/5.0 (Linux; Android 7.0;) AppleWebKit/537.36 (HTML, like Gecko) Mobile Safari/537.36 (compatible; PetalBot;+https://webmaster.petalsearch.com/site/petalbot)"
98.85.223.94 - - [03/Aug/2026:14:41:53 +0000] "GET /wp-content/uploads/2024/04/1.jpg HTTP/1.1" 200 97896 "-" "Mozilla/5.0 (Windows NT 10.0; Win64; x64) AppleWebKit/537.36 (KHTML, like Gecko) Chrome/86.0.4240.75 Safari/537.36"
198.23.58.167 - - [03/Aug/2026:14:42:12 +0000] "POST /wp-cron.php?doing_wp_cron=1785768132.5703310966491699218750 HTTP/1.1" 200 0 "-" "WordPress/7.0.2; https://jysainmobiliaria.com"
192.42.116.95 - - [03/Aug/2026:14:42:06 +0000] "GET /wp-login.php HTTP/1.1" 404 23836 "-" "Mozilla/5.0 (Windows NT 10.0; Win64; x64) AppleWebKit/537.36 (KHTML, like Gecko) Chrome/115.0.0.0 Safari/537.36 Edg/115.0.1901.203"
98.85.223.94 - - [03/Aug/2026:14:47:38 +0000] "GET /property-category/alquiler/?layout=half_map HTTP/1.1" 200 48312 "-" "Mozilla/5.0 (Windows NT 10.0; Win64; x64) AppleWebKit/537.36 (KHTML, like Gecko) Chrome/86.0.4240.75 Safari/537.36"
51.68.107.138 - - [03/Aug/2026:14:48:03 +0000] "GET /robots.txt HTTP/1.1" 200 102 "-" "Mozilla/5.0 (compatible; MJ12bot/v2.0.5; http://mj12bot.com/)"
51.68.107.138 - - [03/Aug/2026:14:48:04 +0000] "GET / HTTP/1.1" 200 43499 "-" "Mozilla/5.0 (compatible; MJ12bot/v2.0.5; http://mj12bot.com/)"
98.85.223.94 - - [03/Aug/2026:14:47:38 +0000] "GET /property-category/alquiler/?layout=list HTTP/1.1" 200 48292 "-" "Mozilla/5.0 (Windows NT 10.0; Win64; x64) AppleWebKit/537.36 (KHTML, like Gecko) Chrome/86.0.4240.75 Safari/537.36"
98.85.223.94 - - [03/Aug/2026:14:47:28 +0000] "GET /property-type/departamento/ HTTP/1.1" 200 48180 "-" "Mozilla/5.0 (Windows NT 10.0; Win64; x64) AppleWebKit/537.36 (KHTML, like Gecko) Chrome/86.0.4240.75 Safari/537.36"
98.85.223.94 - - [03/Aug/2026:14:47:28 +0000] "GET /wp-content/uploads/2024/05/POLITICA_PROTECCION_DATOS_PERSONALES_PRIVACIDAD.pdf HTTP/1.1" 200 262144 "-" "Mozilla/5.0 (Windows NT 10.0; Win64; x64) AppleWebKit/537.36 (KHTML, like Gecko) Chrome/86.0.4240.75 Safari/537.36"
135.119.63.61 - - [03/Aug/2026:14:52:50 +0000] "GET /.dj/index.php HTTP/1.1" 404 3423 "-" "Mozilla/5.0 (Windows NT 10.0; Win64; x64) AppleWebKit/537.36 (KHTML, like Gecko) Chrome/120.0.0.0 Safari/537.36"
135.119.63.61 - - [03/Aug/2026:14:52:50 +0000] "GET /.tmb/ HTTP/1.1" 404 3423 "-" "Mozilla/5.0 (Windows NT 10.0; Win64; x64) AppleWebKit/537.36 (KHTML, like Gecko) Chrome/120.0.0.0 Safari/537.36"
135.119.63.61 - - [03/Aug/2026:14:52:50 +0000] "GET /.vscode/class-wp-http-client.php HTTP/1.1" 404 3423 "-" "Mozilla/5.0 (Windows NT 10.0; Win64; x64) AppleWebKit/537.36 (KHTML, like Gecko) Chrome/120.0.0.0 Safari/537.36"
135.119.63.61 - - [03/Aug/2026:14:52:50 +0000] "GET /.well-known/ HTTP/1.1" 404 3423 "-" "Mozilla/5.0 (Windows NT 10.0; Win64; x64) AppleWebKit/537.36 (KHTML, like Gecko) Chrome/120.0.0.0 Safari/537.36"
135.119.63.61 - - [03/Aug/2026:14:52:50 +0000] "GET /.well-known/about.php HTTP/1.1" 404 3423 "-" "Mozilla/5.0 (Windows NT 10.0; Win64; x64) AppleWebKit/537.36 (KHTML, like Gecko) Chrome/120.0.0.0 Safari/537.36"
135.119.63.61 - - [03/Aug/2026:14:52:51 +0000] "GET /.well-known/acme-challenge/ HTTP/1.1" 404 3423 "-" "Mozilla/5.0 (Windows NT 10.0; Win64; x64) AppleWebKit/537.36 (KHTML, like Gecko) Chrome/120.0.0.0 Safari/537.36"
135.119.63.61 - - [03/Aug/2026:14:52:51 +0000] "GET /.well-known/acme-challenge/block-supports/ HTTP/1.1" 404 3423 "-" "Mozilla/5.0 (Windows NT 10.0; Win64; x64) AppleWebKit/537.36 (KHTML, like Gecko) Chrome/120.0.0.0 Safari/537.36"
135.119.63.61 - - [03/Aug/2026:14:52:51 +0000] "GET /.well-known/acme-challenge/muse.php HTTP/1.1" 404 3423 "-" "Mozilla/5.0 (Windows NT 10.0; Win64; x64) AppleWebKit/537.36 (KHTML, like Gecko) Chrome/120.0.0.0 Safari/537.36"
135.119.63.61 - - [03/Aug/2026:14:52:51 +0000] "GET /.well-known/bdkr28_61cohkhh.php HTTP/1.1" 404 3423 "-" "Mozilla/5.0 (Windows NT 10.0; Win64; x64) AppleWebKit/537.36 (KHTML, like Gecko) Chrome/120.0.0.0 Safari/537.36"
135.119.63.61 - - [03/Aug/2026:14:52:51 +0000] "GET /.well-known/class-wp-http-client.php HTTP/1.1" 404 3423 "-" "Mozilla/5.0 (Windows NT 10.0; Win64; x64) AppleWebKit/537.36 (KHTML, like Gecko) Chrome/120.0.0.0 Safari/537.36"
135.119.63.61 - - [03/Aug/2026:14:52:52 +0000] "GET /.well-known/gecko-litespeed.php HTTP/1.1" 404 3423 "-" "Mozilla/5.0 (Windows NT 10.0; Win64; x64) AppleWebKit/537.36 (KHTML, like Gecko) Chrome/120.0.0.0 Safari/537.36"
135.119.63.61 - - [03/Aug/2026:14:52:52 +0000] "GET /.well-known/index.php HTTP/1.1" 404 3423 "-" "Mozilla/5.0 (Windows NT 10.0; Win64; x64) AppleWebKit/537.36 (KHTML, like Gecko) Chrome/120.0.0.0 Safari/537.36"
135.119.63.61 - - [03/Aug/2026:14:52:52 +0000] "GET /.well-known/ws.php HTTP/1.1" 404 3423 "-" "Mozilla/5.0 (Windows NT 10.0; Win64; x64) AppleWebKit/537.36 (KHTML, like Gecko) Chrome/120.0.0.0 Safari/537.36"
135.119.63.61 - - [03/Aug/2026:14:52:53 +0000] "GET /.xa/class-wp-http-client.php HTTP/1.1" 404 3423 "-" "Mozilla/5.0 (Windows NT 10.0; Win64; x64) AppleWebKit/537.36 (KHTML, like Gecko) Chrome/120.0.0.0 Safari/537.36"
135.119.63.61 - - [03/Aug/2026:14:52:53 +0000] "GET /0.php HTTP/1.1" 404 3423 "-" "Mozilla/5.0 (Windows NT 10.0; Win64; x64) AppleWebKit/537.36 (KHTML, like Gecko) Chrome/120.0.0.0 Safari/537.36"
135.119.63.61 - - [03/Aug/2026:14:52:53 +0000] "GET /000.php HTTP/1.1" 404 3423 "-" "Mozilla/5.0 (Windows NT 10.0; Win64; x64) AppleWebKit/537.36 (KHTML, like Gecko) Chrome/120.0.0.0 Safari/537.36"
135.119.63.61 - - [03/Aug/2026:14:52:53 +0000] "GET /002.php HTTP/1.1" 404 3423 "-" "Mozilla/5.0 (Windows NT 10.0; Win64; x64) AppleWebKit/537.36 (KHTML, like Gecko) Chrome/120.0.0.0 Safari/537.36"
135.119.63.61 - - [03/Aug/2026:14:52:53 +0000] "GET /0x.php HTTP/1.1" 404 3423 "-" "Mozilla/5.0 (Windows NT 10.0; Win64; x64) AppleWebKit/537.36 (KHTML, like Gecko) Chrome/120.0.0.0 Safari/537.36"
135.119.63.61 - - [03/Aug/2026:14:52:53 +0000] "GET /0xd.php HTTP/1.1" 404 3423 "-" "Mozilla/5.0 (Windows NT 10.0; Win64; x64) AppleWebKit/537.36 (KHTML, like Gecko) Chrome/120.0.0.0 Safari/537.36"
135.119.63.61 - - [03/Aug/2026:14:52:54 +0000] "GET /1.php HTTP/1.1" 404 3423 "-" "Mozilla/5.0 (Windows NT 10.0; Win64; x64) AppleWebKit/537.36 (KHTML, like Gecko) Chrome/120.0.0.0 Safari/537.36"
135.119.63.61 - - [03/Aug/2026:14:52:54 +0000] "GET /100.php HTTP/1.1" 404 3423 "-" "Mozilla/5.0 (Windows NT 10.0; Win64; x64) AppleWebKit/537.36 (KHTML, like Gecko) Chrome/120.0.0.0 Safari/537.36"
135.119.63.61 - - [03/Aug/2026:14:52:55 +0000] "GET /12.php HTTP/1.1" 404 3423 "-" "Mozilla/5.0 (Windows NT 10.0; Win64; x64) AppleWebKit/537.36 (KHTML, like Gecko) Chrome/120.0.0.0 Safari/537.36"
135.119.63.61 - - [03/Aug/2026:14:52:55 +0000] "GET /123.php HTTP/1.1" 404 3423 "-" "Mozilla/5.0 (Windows NT 10.0; Win64; x64) AppleWebKit/537.36 (KHTML, like Gecko) Chrome/120.0.0.0 Safari/537.36"
135.119.63.61 - - [03/Aug/2026:14:52:55 +0000] "GET /13.php HTTP/1.1" 404 3423 "-" "Mozilla/5.0 (Windows NT 10.0; Win64; x64) AppleWebKit/537.36 (KHTML, like Gecko) Chrome/120.0.0.0 Safari/537.36"
135.119.63.61 - - [03/Aug/2026:14:52:55 +0000] "GET /133.php HTTP/1.1" 404 3423 "-" "Mozilla/5.0 (Windows NT 10.0; Win64; x64) AppleWebKit/537.36 (KHTML, like Gecko) Chrome/120.0.0.0 Safari/537.36"
135.119.63.61 - - [03/Aug/2026:14:52:55 +0000] "GET /155.php HTTP/1.1" 404 3423 "-" "Mozilla/5.0 (Windows NT 10.0; Win64; x64) AppleWebKit/537.36 (KHTML, like Gecko) Chrome/120.0.0.0 Safari/537.36"
135.119.63.61 - - [03/Aug/2026:14:52:55 +0000] "GET /166.php HTTP/1.1" 404 3423 "-" "Mozilla/5.0 (Windows NT 10.0; Win64; x64) AppleWebKit/537.36 (KHTML, like Gecko) Chrome/120.0.0.0 Safari/537.36"
135.119.63.61 - - [03/Aug/2026:14:52:56 +0000] "GET /2.php HTTP/1.1" 404 3423 "-" "Mozilla/5.0 (Windows NT 10.0; Win64; x64) AppleWebKit/537.36 (KHTML, like Gecko) Chrome/120.0.0.0 Safari/537.36"
135.119.63.61 - - [03/Aug/2026:14:52:56 +0000] "GET /2026w.php HTTP/1.1" 404 3423 "-" "Mozilla/5.0 (Windows NT 10.0; Win64; x64) AppleWebKit/537.36 (KHTML, like Gecko) Chrome/120.0.0.0 Safari/537.36"
135.119.63.61 - - [03/Aug/2026:14:52:56 +0000] "GET /222.php HTTP/1.1" 404 3423 "-" "Mozilla/5.0 (Windows NT 10.0; Win64; x64) AppleWebKit/537.36 (KHTML, like Gecko) Chrome/120.0.0.0 Safari/537.36"
135.119.63.61 - - [03/Aug/2026:14:52:57 +0000] "GET /2p.php HTTP/1.1" 404 3423 "-" "Mozilla/5.0 (Windows NT 10.0; Win64; x64) AppleWebKit/537.36 (KHTML, like Gecko) Chrome/120.0.0.0 Safari/537.36"
135.119.63.61 - - [03/Aug/2026:14:52:57 +0000] "GET /2p.update.php HTTP/1.1" 404 3423 "-" "Mozilla/5.0 (Windows NT 10.0; Win64; x64) AppleWebKit/537.36 (KHTML, like Gecko) Chrome/120.0.0.0 Safari/537.36"
135.119.63.61 - - [03/Aug/2026:14:52:57 +0000] "GET /3pjcpmfsd8b.php HTTP/1.1" 404 3423 "-" "Mozilla/5.0 (Windows NT 10.0; Win64; x64) AppleWebKit/537.36 (KHTML, like Gecko) Chrome/120.0.0.0 Safari/537.36"
135.119.63.61 - - [03/Aug/2026:14:52:57 +0000] "GET /403.php HTTP/1.1" 404 3423 "-" "Mozilla/5.0 (Windows NT 10.0; Win64; x64) AppleWebKit/537.36 (KHTML, like Gecko) Chrome/120.0.0.0 Safari/537.36"
135.119.63.61 - - [03/Aug/2026:14:52:57 +0000] "GET /404.php HTTP/1.1" 404 3423 "-" "Mozilla/5.0 (Windows NT 10.0; Win64; x64) AppleWebKit/537.36 (KHTML, like Gecko) Chrome/120.0.0.0 Safari/537.36"
135.119.63.61 - - [03/Aug/2026:14:52:57 +0000] "GET /4pjcpmfsd8b.php HTTP/1.1" 404 3423 "-" "Mozilla/5.0 (Windows NT 10.0; Win64; x64) AppleWebKit/537.36 (KHTML, like Gecko) Chrome/120.0.0.0 Safari/537.36"
135.119.63.61 - - [03/Aug/2026:14:52:58 +0000] "GET /666.php HTTP/1.1" 404 3423 "-" "Mozilla/5.0 (Windows NT 10.0; Win64; x64) AppleWebKit/537.36 (KHTML, like Gecko) Chrome/120.0.0.0 Safari/537.36"
135.119.63.61 - - [03/Aug/2026:14:52:58 +0000] "GET /7.php HTTP/1.1" 404 3423 "-" "Mozilla/5.0 (Windows NT 10.0; Win64; x64) AppleWebKit/537.36 (KHTML, like Gecko) Chrome/120.0.0.0 Safari/537.36"
135.119.63.61 - - [03/Aug/2026:14:52:59 +0000] "GET /8.php HTTP/1.1" 404 3423 "-" "Mozilla/5.0 (Windows NT 10.0; Win64; x64) AppleWebKit/537.36 (KHTML, like Gecko) Chrome/120.0.0.0 Safari/537.36"
98.85.223.94 - - [03/Aug/2026:14:53:02 +0000] "GET /property/luxurious-apartment-at-ocean-drive-2-2/ HTTP/1.1" 200 48899 "-" "Mozilla/5.0 (Windows NT 10.0; Win64; x64) AppleWebKit/537.36 (KHTML, like Gecko) Chrome/86.0.4240.75 Safari/537.36"
98.85.223.94 - - [03/Aug/2026:14:53:03 +0000] "GET /property-category/for-sale/ HTTP/1.1" 200 49885 "-" "Mozilla/5.0 (Windows NT 10.0; Win64; x64) AppleWebKit/537.36 (KHTML, like Gecko) Chrome/86.0.4240.75 Safari/537.36"
98.85.223.94 - - [03/Aug/2026:15:06:38 +0000] "GET /resultados-de-la-busqueda-2/?es_category%5B0%5D=2 HTTP/1.1" 200 42177 "-" "Mozilla/5.0 (Windows NT 10.0; Win64; x64) AppleWebKit/537.36 (KHTML, like Gecko) Chrome/86.0.4240.75 Safari/537.36"
